CRAN Package Check Results for Package miic

Last updated on 2025-01-19 05:49:14 CET.

Flavor Version Tinstall Tcheck Ttotal Status Flags
r-devel-linux-x86_64-debian-clang 2.0.3 79.69 47.38 127.07 OK
r-devel-linux-x86_64-debian-gcc 2.0.3 54.90 33.46 88.36 OK
r-devel-linux-x86_64-fedora-clang 2.0.3 251.04 OK
r-devel-linux-x86_64-fedora-gcc 2.0.3 246.84 OK
r-devel-windows-x86_64 2.0.3 84.00 91.00 175.00 OK
r-patched-linux-x86_64 2.0.3 77.95 47.06 125.01 OK
r-release-linux-x86_64 2.0.3 78.42 45.65 124.07 OK
r-release-macos-arm64 2.0.3 51.00 NOTE
r-release-macos-x86_64 2.0.3 77.00 NOTE
r-release-windows-x86_64 2.0.3 85.00 90.00 175.00 OK
r-oldrel-macos-arm64 2.0.3 53.00 NOTE
r-oldrel-macos-x86_64 2.0.3 77.00 NOTE
r-oldrel-windows-x86_64 2.0.3 101.00 110.00 211.00 OK

Check Details

Version: 2.0.3
Check: installed package size
Result: NOTE installed size is 6.5Mb sub-directories of 1Mb or more: libs 6.0Mb Flavors: r-release-macos-arm64, r-release-macos-x86_64, r-oldrel-macos-arm64, r-oldrel-macos-x86_64