CRAN Package Check Results for Package milorGWAS

Last updated on 2020-10-31 11:50:45 CET.

Flavor Version Tinstall Tcheck Ttotal Status Flags
r-devel-linux-x86_64-debian-clang 0.3 55.59 91.78 147.37 OK
r-devel-linux-x86_64-debian-gcc 0.3 42.89 69.12 112.01 OK
r-devel-linux-x86_64-fedora-clang 0.3 211.65 NOTE
r-devel-linux-x86_64-fedora-gcc 0.3 188.27 OK
r-devel-windows-ix86+x86_64 0.3 133.00 125.00 258.00 OK
r-patched-linux-x86_64 0.3 54.47 88.36 142.83 OK
r-patched-solaris-x86 0.3 281.60 OK
r-release-linux-x86_64 0.3 56.21 86.96 143.17 OK
r-release-macos-x86_64 0.3 NOTE
r-release-windows-ix86+x86_64 0.3 97.00 160.00 257.00 OK
r-oldrel-macos-x86_64 0.3 NOTE
r-oldrel-windows-ix86+x86_64 0.3 122.00 104.00 226.00 OK

Check Details

Version: 0.3
Check: installed package size
Result: NOTE
     installed size is 6.8Mb
     sub-directories of 1Mb or more:
     libs 6.2Mb
Flavors: r-devel-linux-x86_64-fedora-clang, r-release-macos-x86_64, r-oldrel-macos-x86_64