CRAN Package Check Results for Package mindr

Last updated on 2019-10-17 12:47:41 CEST.

Flavor Version Tinstall Tcheck Ttotal Status Flags
r-devel-linux-x86_64-debian-clang 1.2.2 3.37 28.70 32.07 NOTE
r-devel-linux-x86_64-debian-gcc 1.2.2 3.30 23.07 26.37 NOTE
r-devel-linux-x86_64-fedora-clang 1.2.2 40.54 NOTE
r-devel-linux-x86_64-fedora-gcc 1.2.2 39.27 NOTE
r-devel-windows-ix86+x86_64 1.2.2 16.00 43.00 59.00 OK
r-patched-linux-x86_64 1.2.2 3.55 28.59 32.14 OK
r-patched-solaris-x86 1.2.2 59.60 OK
r-release-linux-x86_64 1.2.2 3.40 28.59 31.99 OK
r-release-windows-ix86+x86_64 1.2.2 8.00 48.00 56.00 OK
r-release-osx-x86_64 1.2.2 OK
r-oldrel-windows-ix86+x86_64 1.2.2 4.00 39.00 43.00 OK
r-oldrel-osx-x86_64 1.2.2 OK

Check Details

Version: 1.2.2
Check: for non-standard things in the check directory
Result: NOTE
    Found the following files/directories:
     '..md' 'NA.R' 'NA.mm' 'md-2019-10-16-00-00-02.mm' 'md.R' 'md.mm'
     'mindr.md' 'mindr.mm' 'mm.md' 'outline-2019-10-16-00-00-02.md'
     'outline.md' 'r.R' 'r.Rmd'
Flavor: r-devel-linux-x86_64-debian-clang

Version: 1.2.2
Check: for non-standard things in the check directory
Result: NOTE
    Found the following files/directories:
     ‘..md’ ‘NA.R’ ‘NA.mm’ ‘md-2019-10-17-09-22-03.mm’ ‘md.R’ ‘md.mm’
     ‘mindr.md’ ‘mindr.mm’ ‘mm.md’ ‘outline-2019-10-17-09-22-04.md’
     ‘outline.md’ ‘r.R’ ‘r.Rmd’
Flavor: r-devel-linux-x86_64-debian-gcc

Version: 1.2.2
Check: for non-standard things in the check directory
Result: NOTE
    Found the following files/directories:
     ‘..md’ ‘NA.R’ ‘NA.mm’ ‘md-2019-10-12-23-38-30.mm’ ‘md.R’ ‘md.mm’
     ‘mindr.md’ ‘mindr.mm’ ‘mm.md’ ‘outline-2019-10-12-23-38-30.md’
     ‘outline.md’ ‘r.R’ ‘r.Rmd’
Flavor: r-devel-linux-x86_64-fedora-clang

Version: 1.2.2
Check: for non-standard things in the check directory
Result: NOTE
    Found the following files/directories:
     ‘..md’ ‘NA.R’ ‘NA.mm’ ‘md-2019-10-14-03-32-25.mm’ ‘md.R’ ‘md.mm’
     ‘mindr.md’ ‘mindr.mm’ ‘mm.md’ ‘outline-2019-10-14-03-32-25.md’
     ‘outline.md’ ‘r.R’ ‘r.Rmd’
Flavor: r-devel-linux-x86_64-fedora-gcc