CRAN Package Check Results for Package mined

Last updated on 2025-01-19 05:49:14 CET.

Flavor Version Tinstall Tcheck Ttotal Status Flags
r-devel-linux-x86_64-debian-clang 1.0-3 55.78 27.35 83.13 NOTE
r-devel-linux-x86_64-debian-gcc 1.0-3 43.56 26.99 70.55 NOTE
r-devel-linux-x86_64-fedora-clang 1.0-3 143.21 NOTE
r-devel-linux-x86_64-fedora-gcc 1.0-3 175.55 NOTE
r-devel-windows-x86_64 1.0-3 51.00 76.00 127.00 NOTE
r-patched-linux-x86_64 1.0-3 64.73 32.10 96.83 NOTE
r-release-linux-x86_64 1.0-3 61.23 32.20 93.43 NOTE
r-release-macos-arm64 1.0-3 51.00 NOTE
r-release-macos-x86_64 1.0-3 59.00 NOTE
r-release-windows-x86_64 1.0-3 54.00 80.00 134.00 NOTE
r-oldrel-macos-arm64 1.0-3 46.00 NOTE
r-oldrel-macos-x86_64 1.0-3 79.00 NOTE
r-oldrel-windows-x86_64 1.0-3 58.00 87.00 145.00 NOTE

Check Details

Version: 1.0-3
Check: C++ specification
Result: NOTE Specified C++11: please drop specification unless essential Flavors: r-devel-linux-x86_64-debian-clang, r-devel-linux-x86_64-debian-gcc, r-devel-linux-x86_64-fedora-clang, r-devel-linux-x86_64-fedora-gcc, r-devel-windows-x86_64, r-patched-linux-x86_64, r-release-linux-x86_64, r-release-macos-arm64, r-release-macos-x86_64, r-release-windows-x86_64, r-oldrel-macos-arm64, r-oldrel-macos-x86_64, r-oldrel-windows-x86_64

Version: 1.0-3
Check: installed package size
Result: NOTE installed size is 27.6Mb sub-directories of 1Mb or more: libs 27.5Mb Flavors: r-release-macos-arm64, r-release-macos-x86_64, r-oldrel-macos-arm64, r-oldrel-macos-x86_64