CRAN Package Check Results for Package minic

Last updated on 2025-01-19 05:49:14 CET.

Flavor Version Tinstall Tcheck Ttotal Status Flags
r-devel-linux-x86_64-debian-clang 1.0.1 43.86 24.96 68.82 OK
r-devel-linux-x86_64-debian-gcc 1.0.1 33.96 23.33 57.29 OK
r-devel-linux-x86_64-fedora-clang 1.0.1 109.89 OK
r-devel-linux-x86_64-fedora-gcc 1.0.1 133.55 OK
r-devel-windows-x86_64 1.0.1 41.00 66.00 107.00 OK
r-patched-linux-x86_64 1.0.1 45.01 28.52 73.53 OK
r-release-linux-x86_64 1.0.1 45.17 28.58 73.75 OK
r-release-macos-arm64 1.0.1 36.00 NOTE
r-release-macos-x86_64 1.0.1 57.00 NOTE
r-release-windows-x86_64 1.0.1 40.00 73.00 113.00 OK
r-oldrel-macos-arm64 1.0.1 35.00 NOTE
r-oldrel-macos-x86_64 1.0.1 68.00 NOTE
r-oldrel-windows-x86_64 1.0.1 45.00 78.00 123.00 OK

Check Details

Version: 1.0.1
Check: installed package size
Result: NOTE installed size is 22.5Mb sub-directories of 1Mb or more: libs 22.4Mb Flavors: r-release-macos-arm64, r-release-macos-x86_64, r-oldrel-macos-arm64, r-oldrel-macos-x86_64