Last updated on 2025-01-19 05:49:14 CET.
Flavor | Version | Tinstall | Tcheck | Ttotal | Status | Flags |
---|---|---|---|---|---|---|
r-devel-linux-x86_64-debian-clang | 1.0.1 | 13.53 | 19.03 | 32.56 | OK | |
r-devel-linux-x86_64-debian-gcc | 1.0.1 | 8.89 | 15.71 | 24.60 | OK | |
r-devel-linux-x86_64-fedora-clang | 1.0.1 | 62.88 | OK | |||
r-devel-linux-x86_64-fedora-gcc | 1.0.1 | 56.37 | OK | |||
r-devel-windows-x86_64 | 1.0.1 | 37.00 | 58.00 | 95.00 | OK | |
r-patched-linux-x86_64 | 1.0.1 | 12.06 | 18.25 | 30.31 | OK | |
r-release-linux-x86_64 | 1.0.1 | 11.66 | 18.27 | 29.93 | OK | |
r-release-macos-arm64 | 1.0.1 | 30.00 | NOTE | |||
r-release-macos-x86_64 | 1.0.1 | 53.00 | NOTE | |||
r-release-windows-x86_64 | 1.0.1 | 36.00 | 63.00 | 99.00 | NOTE | |
r-oldrel-macos-arm64 | 1.0.1 | 31.00 | NOTE | |||
r-oldrel-macos-x86_64 | 1.0.1 | 58.00 | NOTE | |||
r-oldrel-windows-x86_64 | 1.0.1 | 37.00 | 64.00 | 101.00 | ERROR |
Version: 1.0.1
Check: installed package size
Result: NOTE
installed size is 41.2Mb
sub-directories of 1Mb or more:
libs 1.4Mb
redengine 39.6Mb
Flavors: r-release-macos-arm64, r-release-macos-x86_64, r-release-windows-x86_64, r-oldrel-macos-arm64, r-oldrel-macos-x86_64
Version: 1.0.1
Check: whether package can be installed
Result: ERROR
Installation failed.
Flavor: r-oldrel-windows-x86_64