CRAN Package Check Results for Package mirtjml

Last updated on 2025-01-19 05:49:14 CET.

Flavor Version Tinstall Tcheck Ttotal Status Flags
r-devel-linux-x86_64-debian-clang 1.4.0 38.85 26.29 65.14 NOTE
r-devel-linux-x86_64-debian-gcc 1.4.0 28.08 20.87 48.95 NOTE
r-devel-linux-x86_64-fedora-clang 1.4.0 127.01 NOTE
r-devel-linux-x86_64-fedora-gcc 1.4.0 132.51 NOTE
r-devel-windows-x86_64 1.4.0 42.00 70.00 112.00 NOTE
r-patched-linux-x86_64 1.4.0 43.41 25.24 68.65 NOTE
r-release-linux-x86_64 1.4.0 42.07 24.77 66.84 NOTE
r-release-macos-arm64 1.4.0 34.00 NOTE
r-release-macos-x86_64 1.4.0 39.00 NOTE
r-release-windows-x86_64 1.4.0 45.00 75.00 120.00 NOTE
r-oldrel-macos-arm64 1.4.0 39.00 NOTE
r-oldrel-macos-x86_64 1.4.0 70.00 NOTE
r-oldrel-windows-x86_64 1.4.0 50.00 79.00 129.00 NOTE

Check Details

Version: 1.4.0
Check: C++ specification
Result: NOTE Specified C++11: please drop specification unless essential Flavors: r-devel-linux-x86_64-debian-clang, r-devel-linux-x86_64-debian-gcc, r-devel-linux-x86_64-fedora-clang, r-devel-linux-x86_64-fedora-gcc, r-devel-windows-x86_64, r-patched-linux-x86_64, r-release-linux-x86_64, r-release-macos-arm64, r-release-macos-x86_64, r-release-windows-x86_64, r-oldrel-macos-arm64, r-oldrel-macos-x86_64, r-oldrel-windows-x86_64

Version: 1.4.0
Check: package subdirectories
Result: NOTE Problems with news in ‘NEWS.md’: No news entries found. Flavors: r-devel-linux-x86_64-debian-clang, r-devel-linux-x86_64-debian-gcc, r-devel-linux-x86_64-fedora-clang, r-devel-linux-x86_64-fedora-gcc, r-devel-windows-x86_64, r-patched-linux-x86_64, r-release-linux-x86_64, r-release-macos-arm64, r-release-macos-x86_64, r-release-windows-x86_64, r-oldrel-macos-arm64, r-oldrel-macos-x86_64, r-oldrel-windows-x86_64