CRAN Package Check Results for Package miscTools

Last updated on 2025-01-19 05:49:14 CET.

Flavor Version Tinstall Tcheck Ttotal Status Flags
r-devel-linux-x86_64-debian-clang 0.6-28 2.40 24.75 27.15 NOTE
r-devel-linux-x86_64-debian-gcc 0.6-28 1.75 19.35 21.10 NOTE
r-devel-linux-x86_64-fedora-clang 0.6-28 43.67 NOTE
r-devel-linux-x86_64-fedora-gcc 0.6-28 43.73 NOTE
r-devel-windows-x86_64 0.6-28 6.00 51.00 57.00 NOTE
r-patched-linux-x86_64 0.6-28 2.32 23.74 26.06 NOTE
r-release-linux-x86_64 0.6-28 2.26 23.42 25.68 NOTE
r-release-macos-arm64 0.6-28 20.00 NOTE
r-release-macos-x86_64 0.6-28 28.00 NOTE
r-release-windows-x86_64 0.6-28 6.00 56.00 62.00 NOTE
r-oldrel-macos-arm64 0.6-28 19.00 OK
r-oldrel-macos-x86_64 0.6-28 39.00 OK
r-oldrel-windows-x86_64 0.6-28 6.00 52.00 58.00 OK

Check Details

Version: 0.6-28
Check: Rd files
Result: NOTE checkRd: (-1) sumKeepAttr.Rd:19: Lost braces 19 | (only relevant if code{x} has only one element).} | ^ Flavors: r-devel-linux-x86_64-debian-clang, r-devel-linux-x86_64-debian-gcc, r-devel-linux-x86_64-fedora-clang, r-devel-linux-x86_64-fedora-gcc, r-devel-windows-x86_64, r-patched-linux-x86_64, r-release-linux-x86_64, r-release-macos-arm64, r-release-macos-x86_64, r-release-windows-x86_64