CRAN Package Check Results for Package misclassGLM

Last updated on 2025-01-19 05:49:14 CET.

Flavor Version Tinstall Tcheck Ttotal Status Flags
r-devel-linux-x86_64-debian-clang 0.3.5 11.40 71.19 82.59 NOTE
r-devel-linux-x86_64-debian-gcc 0.3.5 7.94 51.73 59.67 NOTE
r-devel-linux-x86_64-fedora-clang 0.3.5 133.31 OK
r-devel-linux-x86_64-fedora-gcc 0.3.5 123.38 OK
r-devel-windows-x86_64 0.3.5 15.00 82.00 97.00 NOTE
r-patched-linux-x86_64 0.3.5 16.24 66.25 82.49 OK
r-release-linux-x86_64 0.3.5 9.47 65.90 75.37 OK
r-release-macos-arm64 0.3.5 38.00 OK
r-release-macos-x86_64 0.3.5 53.00 OK
r-release-windows-x86_64 0.3.5 14.00 84.00 98.00 OK
r-oldrel-macos-arm64 0.3.5 42.00 OK
r-oldrel-macos-x86_64 0.3.5 126.00 OK
r-oldrel-windows-x86_64 0.3.5 15.00 96.00 111.00 OK

Check Details

Version: 0.3.5
Check: Rd cross-references
Result: NOTE Found the following Rd file(s) with Rd \link{} targets missing package anchors: misclassGLM.Rd: ucminf misclassMlogit.Rd: ucminf Please provide package anchors for all Rd \link{} targets not in the package itself and the base packages. Flavors: r-devel-linux-x86_64-debian-clang, r-devel-linux-x86_64-debian-gcc, r-devel-windows-x86_64