Last updated on 2024-05-01 16:53:01 CEST.
Flavor | Version | Tinstall | Tcheck | Ttotal | Status | Flags |
---|---|---|---|---|---|---|
r-devel-linux-x86_64-debian-clang | 1.0.4 | 129.86 | 348.72 | 478.58 | OK | |
r-devel-linux-x86_64-debian-gcc | 1.0.4 | 101.57 | 267.75 | 369.32 | OK | |
r-devel-linux-x86_64-fedora-clang | 1.0.4 | 621.47 | OK | |||
r-devel-linux-x86_64-fedora-gcc | 1.0.4 | 636.74 | OK | |||
r-devel-windows-x86_64 | 1.0.4 | 100.00 | 327.00 | 427.00 | OK | |
r-patched-linux-x86_64 | 1.0.4 | 95.08 | 350.31 | 445.39 | OK | |
r-release-linux-x86_64 | 1.0.4 | 95.17 | 345.36 | 440.53 | OK | |
r-release-macos-arm64 | 1.0.4 | 188.00 | NOTE | |||
r-release-windows-x86_64 | 1.0.4 | 97.00 | 320.00 | 417.00 | OK | |
r-oldrel-macos-arm64 | 1.0.4 | 192.00 | NOTE | |||
r-oldrel-macos-x86_64 | 1.0.4 | 409.00 | NOTE | |||
r-oldrel-windows-x86_64 | 1.0.4 | 127.00 | 411.00 | 538.00 | OK |
Version: 1.0.4
Check: installed package size
Result: NOTE
installed size is 6.8Mb
sub-directories of 1Mb or more:
libs 4.7Mb
Flavors: r-release-macos-arm64, r-oldrel-macos-arm64, r-oldrel-macos-x86_64