CRAN Package Check Results for Package missingHE

Last updated on 2025-01-19 05:49:14 CET.

Flavor Version Tinstall Tcheck Ttotal Status Flags
r-devel-linux-x86_64-debian-clang 1.5.0 32.08 554.85 586.93 NOTE
r-devel-linux-x86_64-debian-gcc 1.5.0 19.24 335.94 355.18 NOTE
r-devel-linux-x86_64-fedora-clang 1.5.0 950.46 NOTE
r-devel-linux-x86_64-fedora-gcc 1.5.0 888.21 NOTE
r-devel-windows-x86_64 1.5.0 32.00 485.00 517.00 NOTE
r-patched-linux-x86_64 1.5.0 35.48 538.18 573.66 OK
r-release-linux-x86_64 1.5.0 28.16 544.27 572.43 OK
r-release-macos-arm64 1.5.0 200.00 OK
r-release-macos-x86_64 1.5.0 322.00 OK
r-release-windows-x86_64 1.5.0 30.00 463.00 493.00 OK
r-oldrel-macos-arm64 1.5.0 218.00 OK
r-oldrel-macos-x86_64 1.5.0 379.00 OK
r-oldrel-windows-x86_64 1.5.0 39.00 649.00 688.00 OK

Check Details

Version: 1.5.0
Check: Rd cross-references
Result: NOTE Found the following Rd file(s) with Rd \link{} targets missing package anchors: pic.Rd: loo-package Please provide package anchors for all Rd \link{} targets not in the package itself and the base packages. Flavors: r-devel-linux-x86_64-debian-clang, r-devel-linux-x86_64-debian-gcc, r-devel-windows-x86_64

Version: 1.5.0
Check: dependencies in R code
Result: NOTE Namespace in Imports field not imported from: ‘mcmcr’ All declared Imports should be used. Flavors: r-devel-linux-x86_64-fedora-clang, r-devel-linux-x86_64-fedora-gcc