CRAN Package Check Results for Package mistral

Last updated on 2025-01-19 05:49:14 CET.

Flavor Version Tinstall Tcheck Ttotal Status Flags
r-devel-linux-x86_64-debian-clang 2.2.2 25.24 447.31 472.55 NOTE
r-devel-linux-x86_64-debian-gcc 2.2.2 16.61 292.60 309.21 NOTE
r-devel-linux-x86_64-fedora-clang 2.2.2 723.44 OK
r-devel-linux-x86_64-fedora-gcc 2.2.2 765.17 OK
r-devel-windows-x86_64 2.2.2 28.00 446.00 474.00 NOTE
r-patched-linux-x86_64 2.2.2 29.00 415.79 444.79 OK
r-release-linux-x86_64 2.2.2 23.61 535.03 558.64 OK
r-release-macos-arm64 2.2.2 229.00 OK
r-release-macos-x86_64 2.2.2 260.00 OK
r-release-windows-x86_64 2.2.2 28.00 328.00 356.00 OK
r-oldrel-macos-arm64 2.2.2 175.00 OK
r-oldrel-macos-x86_64 2.2.2 451.00 OK
r-oldrel-windows-x86_64 2.2.2 33.00 594.00 627.00 OK

Check Details

Version: 2.2.2
Check: Rd cross-references
Result: NOTE Found the following Rd file(s) with Rd \link{} targets missing package anchors: MonteCarlo.Rd: foreach Please provide package anchors for all Rd \link{} targets not in the package itself and the base packages. Flavors: r-devel-linux-x86_64-debian-clang, r-devel-linux-x86_64-debian-gcc, r-devel-windows-x86_64