Last updated on 2024-05-01 16:53:01 CEST.
Flavor | Version | Tinstall | Tcheck | Ttotal | Status | Flags |
---|---|---|---|---|---|---|
r-devel-linux-x86_64-debian-clang | 1.0.0 | 2.64 | 318.67 | 321.31 | NOTE | |
r-devel-linux-x86_64-debian-gcc | 1.0.0 | 2.62 | 227.81 | 230.43 | NOTE | |
r-devel-linux-x86_64-fedora-clang | 1.0.0 | 383.68 | NOTE | |||
r-devel-linux-x86_64-fedora-gcc | 1.0.0 | 386.40 | NOTE | |||
r-devel-windows-x86_64 | 1.0.0 | 5.00 | 271.00 | 276.00 | NOTE | |
r-patched-linux-x86_64 | 1.0.0 | 2.68 | 305.64 | 308.32 | NOTE | |
r-release-linux-x86_64 | 1.0.0 | 3.26 | 298.67 | 301.93 | NOTE | |
r-release-macos-arm64 | 1.0.0 | 115.00 | NOTE | |||
r-release-windows-x86_64 | 1.0.0 | 4.00 | 259.00 | 263.00 | NOTE | |
r-oldrel-macos-arm64 | 1.0.0 | 130.00 | NOTE | |||
r-oldrel-macos-x86_64 | 1.0.0 | 217.00 | NOTE | |||
r-oldrel-windows-x86_64 | 1.0.0 | 6.00 | 305.00 | 311.00 | NOTE |
Version: 1.0.0
Check: package subdirectories
Result: NOTE
Problems with news in ‘NEWS.md’:
Cannot extract version info from the following section titles:
Bug Fix
Update Vignettes
Function Optimizing
New Functions
Vignette
Optimization
Fix Bugs
Add New Function
Update Description Files
Fix bugs
New .R files
Update Old .R files
Flavors: r-devel-linux-x86_64-debian-clang, r-devel-linux-x86_64-debian-gcc, r-devel-linux-x86_64-fedora-clang, r-devel-linux-x86_64-fedora-gcc, r-devel-windows-x86_64, r-patched-linux-x86_64, r-release-linux-x86_64, r-release-macos-arm64, r-release-windows-x86_64, r-oldrel-macos-arm64, r-oldrel-macos-x86_64, r-oldrel-windows-x86_64