Last updated on 2025-01-19 05:49:14 CET.
Flavor | Version | Tinstall | Tcheck | Ttotal | Status | Flags |
---|---|---|---|---|---|---|
r-devel-linux-x86_64-debian-clang | 1.0.0 | 3.05 | 261.74 | 264.79 | NOTE | |
r-devel-linux-x86_64-debian-gcc | 1.0.0 | 2.06 | 167.62 | 169.68 | NOTE | |
r-devel-linux-x86_64-fedora-clang | 1.0.0 | 423.95 | NOTE | |||
r-devel-linux-x86_64-fedora-gcc | 1.0.0 | 414.65 | NOTE | |||
r-devel-windows-x86_64 | 1.0.0 | 4.00 | 264.00 | 268.00 | NOTE | |
r-patched-linux-x86_64 | 1.0.0 | 2.99 | 230.58 | 233.57 | NOTE | |
r-release-linux-x86_64 | 1.0.0 | 2.59 | 231.89 | 234.48 | NOTE | |
r-release-macos-arm64 | 1.0.0 | 115.00 | NOTE | |||
r-release-macos-x86_64 | 1.0.0 | 226.00 | NOTE | |||
r-release-windows-x86_64 | 1.0.0 | 5.00 | 256.00 | 261.00 | NOTE | |
r-oldrel-macos-arm64 | 1.0.0 | 130.00 | NOTE | |||
r-oldrel-macos-x86_64 | 1.0.0 | 217.00 | NOTE | |||
r-oldrel-windows-x86_64 | 1.0.0 | 5.00 | 313.00 | 318.00 | NOTE |
Version: 1.0.0
Check: package subdirectories
Result: NOTE
Problems with news in ‘NEWS.md’:
Cannot extract version info from the following section titles:
Bug Fix
Update Vignettes
Function Optimizing
New Functions
Vignette
Optimization
Fix Bugs
Add New Function
Update Description Files
Fix bugs
New .R files
Update Old .R files
Flavors: r-devel-linux-x86_64-debian-clang, r-devel-linux-x86_64-debian-gcc, r-devel-linux-x86_64-fedora-clang, r-devel-linux-x86_64-fedora-gcc, r-devel-windows-x86_64, r-patched-linux-x86_64, r-release-linux-x86_64, r-release-macos-arm64, r-release-macos-x86_64, r-release-windows-x86_64, r-oldrel-macos-arm64, r-oldrel-macos-x86_64, r-oldrel-windows-x86_64