Last updated on 2025-01-19 05:49:14 CET.
Flavor | Version | Tinstall | Tcheck | Ttotal | Status | Flags |
---|---|---|---|---|---|---|
r-devel-linux-x86_64-debian-clang | 1.1.1 | 1.61 | 16.75 | 18.36 | OK | |
r-devel-linux-x86_64-debian-gcc | 1.1.1 | 1.31 | 14.01 | 15.32 | OK | |
r-devel-linux-x86_64-fedora-clang | 1.1.1 | 32.40 | OK | |||
r-devel-linux-x86_64-fedora-gcc | 1.1.1 | 30.58 | OK | |||
r-devel-windows-x86_64 | 1.1.1 | 3.00 | 42.00 | 45.00 | OK | |
r-patched-linux-x86_64 | 1.1.1 | 1.58 | 16.10 | 17.68 | NOTE | |
r-release-linux-x86_64 | 1.1.1 | 1.37 | 15.95 | 17.32 | NOTE | |
r-release-macos-arm64 | 1.1.1 | 14.00 | NOTE | |||
r-release-macos-x86_64 | 1.1.1 | 27.00 | NOTE | |||
r-release-windows-x86_64 | 1.1.1 | 3.00 | 39.00 | 42.00 | NOTE | |
r-oldrel-macos-arm64 | 1.1.1 | 15.00 | NOTE | |||
r-oldrel-macos-x86_64 | 1.1.1 | 19.00 | NOTE | |||
r-oldrel-windows-x86_64 | 1.1.1 | 3.00 | 41.00 | 44.00 | NOTE |
Version: 1.1.1
Check: package dependencies
Result: NOTE
Package suggested but not available for checking: ‘mixRasch’
Flavors: r-patched-linux-x86_64, r-release-linux-x86_64, r-release-macos-arm64, r-release-macos-x86_64, r-release-windows-x86_64, r-oldrel-macos-arm64, r-oldrel-macos-x86_64, r-oldrel-windows-x86_64