Last updated on 2025-01-19 05:49:14 CET.
Flavor | Version | Tinstall | Tcheck | Ttotal | Status | Flags |
---|---|---|---|---|---|---|
r-devel-linux-x86_64-debian-clang | 0.1.4 | 127.19 | 27.52 | 154.71 | OK | |
r-devel-linux-x86_64-debian-gcc | 0.1.4 | 85.03 | 21.04 | 106.07 | OK | |
r-devel-linux-x86_64-fedora-clang | 0.1.4 | 301.76 | OK | |||
r-devel-linux-x86_64-fedora-gcc | 0.1.4 | 340.87 | OK | |||
r-devel-windows-x86_64 | 0.1.4 | 117.00 | 74.00 | 191.00 | OK | |
r-patched-linux-x86_64 | 0.1.4 | 123.02 | 26.17 | 149.19 | OK | |
r-release-linux-x86_64 | 0.1.4 | 122.35 | 25.35 | 147.70 | OK | |
r-release-macos-arm64 | 0.1.4 | 58.00 | NOTE | |||
r-release-macos-x86_64 | 0.1.4 | 68.00 | NOTE | |||
r-release-windows-x86_64 | 0.1.4 | 117.00 | 72.00 | 189.00 | OK | |
r-oldrel-macos-arm64 | 0.1.4 | 59.00 | NOTE | |||
r-oldrel-macos-x86_64 | 0.1.4 | 76.00 | NOTE | |||
r-oldrel-windows-x86_64 | 0.1.4 | 123.00 | 81.00 | 204.00 | OK |
Version: 0.1.4
Check: installed package size
Result: NOTE
installed size is 7.1Mb
sub-directories of 1Mb or more:
libs 7.0Mb
Flavors: r-release-macos-arm64, r-release-macos-x86_64, r-oldrel-macos-arm64, r-oldrel-macos-x86_64