Last updated on 2024-05-01 16:53:01 CEST.
Flavor | Version | Tinstall | Tcheck | Ttotal | Status | Flags |
---|---|---|---|---|---|---|
r-devel-linux-x86_64-debian-clang | 0.1.2 | 386.32 | 56.75 | 443.07 | OK | |
r-devel-linux-x86_64-debian-gcc | 0.1.2 | 286.41 | 38.00 | 324.41 | OK | |
r-devel-linux-x86_64-fedora-clang | 0.1.2 | 619.70 | OK | |||
r-devel-linux-x86_64-fedora-gcc | 0.1.2 | 643.46 | OK | |||
r-devel-windows-x86_64 | 0.1.2 | 262.00 | 81.00 | 343.00 | OK | |
r-patched-linux-x86_64 | 0.1.2 | 360.68 | 49.60 | 410.28 | OK | |
r-release-linux-x86_64 | 0.1.2 | 364.32 | 49.54 | 413.86 | OK | |
r-release-macos-arm64 | 0.1.2 | 103.00 | NOTE | |||
r-release-macos-x86_64 | 0.1.2 | 132.00 | NOTE | |||
r-release-windows-x86_64 | 0.1.2 | 268.00 | 84.00 | 352.00 | OK | |
r-oldrel-macos-arm64 | 0.1.2 | 111.00 | NOTE | |||
r-oldrel-macos-x86_64 | 0.1.2 | 134.00 | NOTE | |||
r-oldrel-windows-x86_64 | 0.1.2 | 329.00 | 91.00 | 420.00 | OK |
Version: 0.1.2
Check: installed package size
Result: NOTE
installed size is 13.1Mb
sub-directories of 1Mb or more:
libs 13.0Mb
Flavors: r-release-macos-arm64, r-release-macos-x86_64, r-oldrel-macos-arm64, r-oldrel-macos-x86_64