CRAN Package Check Results for Package mixlm

Last updated on 2025-01-19 05:49:14 CET.

Flavor Version Tinstall Tcheck Ttotal Status Flags
r-devel-linux-x86_64-debian-clang 1.4.2 12.35 77.48 89.83 OK
r-devel-linux-x86_64-debian-gcc 1.4.2 7.40 54.24 61.64 OK
r-devel-linux-x86_64-fedora-clang 1.4.2 157.55 OK
r-devel-linux-x86_64-fedora-gcc 1.4.2 141.61 OK
r-devel-windows-x86_64 1.4.2 14.00 90.00 104.00 OK
r-patched-linux-x86_64 1.4.2 11.39 74.28 85.67 NOTE
r-release-linux-x86_64 1.4.2 8.23 72.75 80.98 NOTE
r-release-macos-arm64 1.4.2 40.00 OK
r-release-macos-x86_64 1.4.2 60.00 OK
r-release-windows-x86_64 1.4.2 11.00 88.00 99.00 OK
r-oldrel-macos-arm64 1.4.2 41.00 OK
r-oldrel-macos-x86_64 1.4.2 85.00 OK
r-oldrel-windows-x86_64 1.4.2 11.00 109.00 120.00 OK

Check Details

Version: 1.4.2
Check: package dependencies
Result: NOTE Package suggested but not available for checking: ‘hasseDiagram’ Flavors: r-patched-linux-x86_64, r-release-linux-x86_64