Last updated on 2025-01-19 05:49:14 CET.
Flavor | Version | Tinstall | Tcheck | Ttotal | Status | Flags |
---|---|---|---|---|---|---|
r-devel-linux-x86_64-debian-clang | 2.1.1 | 75.32 | 38.02 | 113.34 | OK | |
r-devel-linux-x86_64-debian-gcc | 2.1.1 | 52.17 | 27.94 | 80.11 | OK | |
r-devel-linux-x86_64-fedora-clang | 2.1.1 | 199.82 | OK | |||
r-devel-linux-x86_64-fedora-gcc | 2.1.1 | 210.08 | OK | |||
r-devel-windows-x86_64 | 2.1.1 | 68.00 | 86.00 | 154.00 | OK | |
r-patched-linux-x86_64 | 2.1.1 | 78.04 | 36.12 | 114.16 | OK | |
r-release-linux-x86_64 | 2.1.1 | 73.31 | 36.20 | 109.51 | OK | |
r-release-macos-arm64 | 2.1.1 | 55.00 | NOTE | |||
r-release-macos-x86_64 | 2.1.1 | 80.00 | NOTE | |||
r-release-windows-x86_64 | 2.1.1 | 62.00 | 82.00 | 144.00 | OK | |
r-oldrel-macos-arm64 | 2.1.1 | 63.00 | NOTE | |||
r-oldrel-macos-x86_64 | 2.1.1 | 176.00 | NOTE | |||
r-oldrel-windows-x86_64 | 2.1.1 | 72.00 | 100.00 | 172.00 | OK |
Version: 2.1.1
Check: installed package size
Result: NOTE
installed size is 11.8Mb
sub-directories of 1Mb or more:
libs 11.5Mb
Flavors: r-release-macos-arm64, r-release-macos-x86_64, r-oldrel-macos-arm64, r-oldrel-macos-x86_64