Last updated on 2024-05-01 16:53:01 CEST.
Flavor | Version | Tinstall | Tcheck | Ttotal | Status | Flags |
---|---|---|---|---|---|---|
r-devel-linux-x86_64-debian-clang | 1.2.1 | 1.78 | 32.13 | 33.91 | NOTE | |
r-devel-linux-x86_64-debian-gcc | 1.2.1 | 2.03 | 23.94 | 25.97 | NOTE | |
r-devel-linux-x86_64-fedora-clang | 1.2.1 | 41.90 | NOTE | |||
r-devel-linux-x86_64-fedora-gcc | 1.2.1 | 40.60 | NOTE | |||
r-devel-windows-x86_64 | 1.2.1 | 3.00 | 46.00 | 49.00 | NOTE | |
r-patched-linux-x86_64 | 1.2.1 | 2.60 | 30.81 | 33.41 | NOTE | |
r-release-linux-x86_64 | 1.2.1 | 2.20 | 29.19 | 31.39 | NOTE | |
r-release-macos-arm64 | 1.2.1 | 16.00 | NOTE | |||
r-release-windows-x86_64 | 1.2.1 | 4.00 | 44.00 | 48.00 | NOTE | |
r-oldrel-macos-arm64 | 1.2.1 | 17.00 | NOTE | |||
r-oldrel-macos-x86_64 | 1.2.1 | 23.00 | NOTE | |||
r-oldrel-windows-x86_64 | 1.2.1 | 4.00 | 47.00 | 51.00 | NOTE |
Version: 1.2.1
Check: LazyData
Result: NOTE
'LazyData' is specified without a 'data' directory
Flavors: r-devel-linux-x86_64-debian-clang, r-devel-linux-x86_64-debian-gcc, r-devel-linux-x86_64-fedora-clang, r-devel-linux-x86_64-fedora-gcc, r-devel-windows-x86_64, r-patched-linux-x86_64, r-release-linux-x86_64, r-release-macos-arm64, r-release-windows-x86_64, r-oldrel-macos-arm64, r-oldrel-macos-x86_64, r-oldrel-windows-x86_64