Last updated on 2025-01-19 05:49:14 CET.
Flavor | Version | Tinstall | Tcheck | Ttotal | Status | Flags |
---|---|---|---|---|---|---|
r-devel-linux-x86_64-debian-clang | 2.19.0 | 5.19 | 43.18 | 48.37 | OK | |
r-devel-linux-x86_64-debian-gcc | 2.19.0 | 3.77 | 31.40 | 35.17 | OK | |
r-devel-linux-x86_64-fedora-clang | 2.19.0 | 84.70 | OK | |||
r-devel-linux-x86_64-fedora-gcc | 2.19.0 | 80.89 | OK | |||
r-devel-windows-x86_64 | 2.19.0 | 8.00 | 72.00 | 80.00 | OK | |
r-patched-linux-x86_64 | 2.19.0 | 6.45 | 40.41 | 46.86 | NOTE | |
r-release-linux-x86_64 | 2.19.0 | 4.72 | 39.99 | 44.71 | NOTE | |
r-release-macos-arm64 | 2.19.0 | 29.00 | OK | |||
r-release-macos-x86_64 | 2.19.0 | 50.00 | OK | |||
r-release-windows-x86_64 | 2.19.0 | 8.00 | 68.00 | 76.00 | OK | |
r-oldrel-macos-arm64 | 2.19.0 | 31.00 | OK | |||
r-oldrel-macos-x86_64 | 2.19.0 | 48.00 | OK | |||
r-oldrel-windows-x86_64 | 2.19.0 | 9.00 | 76.00 | 85.00 | OK |
Version: 2.19.0
Check: package dependencies
Result: NOTE
Package suggested but not available for checking: ‘h2o’
Flavors: r-patched-linux-x86_64, r-release-linux-x86_64