Last updated on 2025-01-19 05:49:14 CET.
Flavor | Version | Tinstall | Tcheck | Ttotal | Status | Flags |
---|---|---|---|---|---|---|
r-devel-linux-x86_64-debian-clang | 4.5.1 | 1980.58 | 55.89 | 2036.47 | OK | |
r-devel-linux-x86_64-debian-gcc | 4.5.1 | 1466.02 | 40.18 | 1506.20 | OK | |
r-devel-linux-x86_64-fedora-clang | 4.5.1 | 3828.96 | OK | |||
r-devel-linux-x86_64-fedora-gcc | 4.5.1 | 4506.38 | OK | |||
r-devel-windows-x86_64 | 4.5.1 | 1748.00 | 214.00 | 1962.00 | OK | |
r-patched-linux-x86_64 | 4.5.1 | 2063.37 | 52.69 | 2116.06 | OK | |
r-release-linux-x86_64 | 4.5.1 | 2067.69 | 53.25 | 2120.94 | OK | |
r-release-macos-arm64 | 4.5.1 | 681.00 | NOTE | |||
r-release-macos-x86_64 | 4.5.1 | 562.00 | NOTE | |||
r-release-windows-x86_64 | 4.5.1 | 1709.00 | 219.00 | 1928.00 | NOTE | |
r-oldrel-macos-arm64 | 4.5.1 | 742.00 | NOTE | |||
r-oldrel-macos-x86_64 | 4.5.1 | 603.00 | NOTE | |||
r-oldrel-windows-x86_64 | 4.5.1 | 1821.00 | 250.00 | 2071.00 | NOTE |
Version: 4.5.1
Check: installed package size
Result: NOTE
installed size is 243.0Mb
sub-directories of 1Mb or more:
include 10.0Mb
libs 232.6Mb
Flavors: r-release-macos-arm64, r-release-macos-x86_64, r-release-windows-x86_64, r-oldrel-macos-arm64, r-oldrel-macos-x86_64, r-oldrel-windows-x86_64