Last updated on 2024-04-21 13:55:38 CEST.
Flavor | Version | Tinstall | Tcheck | Ttotal | Status | Flags |
---|---|---|---|---|---|---|
r-devel-linux-x86_64-debian-clang | 2.19.1 | 42.17 | 287.68 | 329.85 | NOTE | |
r-devel-linux-x86_64-debian-gcc | 2.19.1 | 34.06 | 220.89 | 254.95 | NOTE | |
r-devel-linux-x86_64-fedora-clang | 2.19.1 | 438.27 | NOTE | |||
r-devel-linux-x86_64-fedora-gcc | 2.19.1 | 415.13 | NOTE | |||
r-prerel-macos-arm64 | 2.19.1 | 116.00 | NOTE | |||
r-prerel-windows-x86_64 | 2.19.1 | 38.00 | 272.00 | 310.00 | NOTE | |
r-patched-linux-x86_64 | 2.19.1 | 52.90 | 299.14 | 352.04 | NOTE | |
r-release-linux-x86_64 | 2.19.1 | 39.83 | 297.14 | 336.97 | NOTE | |
r-release-macos-arm64 | 2.19.1 | 123.00 | NOTE | |||
r-release-macos-x86_64 | 2.19.1 | 254.00 | NOTE | |||
r-release-windows-x86_64 | 2.19.1 | 53.00 | 369.00 | 422.00 | OK | |
r-oldrel-macos-arm64 | 2.19.1 | 110.00 | NOTE | |||
r-oldrel-windows-x86_64 | 2.19.1 | 54.00 | 298.00 | 352.00 | OK |
Version: 2.19.1
Check: package dependencies
Result: NOTE
Package suggested but not available for checking: ‘SwarmSVM’
Flavors: r-devel-linux-x86_64-debian-clang, r-devel-linux-x86_64-debian-gcc, r-devel-linux-x86_64-fedora-clang, r-devel-linux-x86_64-fedora-gcc, r-patched-linux-x86_64, r-release-linux-x86_64
Version: 2.19.1
Check: Rd files
Result: NOTE
checkRd: (-1) aggregations.Rd:30: Lost braces in \itemize; meant \describe ?
checkRd: (-1) aggregations.Rd:31: Lost braces in \itemize; meant \describe ?
checkRd: (-1) aggregations.Rd:32: Lost braces in \itemize; meant \describe ?
checkRd: (-1) aggregations.Rd:33: Lost braces in \itemize; meant \describe ?
checkRd: (-1) aggregations.Rd:34: Lost braces in \itemize; meant \describe ?
checkRd: (-1) aggregations.Rd:35: Lost braces in \itemize; meant \describe ?
checkRd: (-1) aggregations.Rd:36: Lost braces in \itemize; meant \describe ?
checkRd: (-1) aggregations.Rd:37: Lost braces in \itemize; meant \describe ?
checkRd: (-1) aggregations.Rd:38: Lost braces in \itemize; meant \describe ?
checkRd: (-1) aggregations.Rd:39: Lost braces in \itemize; meant \describe ?
checkRd: (-1) aggregations.Rd:40: Lost braces in \itemize; meant \describe ?
checkRd: (-1) aggregations.Rd:41: Lost braces in \itemize; meant \describe ?
checkRd: (-1) aggregations.Rd:42: Lost braces in \itemize; meant \describe ?
checkRd: (-1) aggregations.Rd:43: Lost braces in \itemize; meant \describe ?
checkRd: (-1) aggregations.Rd:44-46: Lost braces in \itemize; meant \describe ?
checkRd: (-1) aggregations.Rd:47-49: Lost braces in \itemize; meant \describe ?
checkRd: (-1) aggregations.Rd:50-54: Lost braces in \itemize; meant \describe ?
Flavors: r-devel-linux-x86_64-debian-clang, r-devel-linux-x86_64-debian-gcc, r-devel-linux-x86_64-fedora-clang, r-devel-linux-x86_64-fedora-gcc, r-prerel-macos-arm64, r-prerel-windows-x86_64, r-patched-linux-x86_64
Version: 2.19.1
Check: installed package size
Result: NOTE
installed size is 5.0Mb
sub-directories of 1Mb or more:
R 1.4Mb
data 2.3Mb
Flavors: r-devel-linux-x86_64-fedora-clang, r-prerel-macos-arm64, r-release-macos-arm64, r-release-macos-x86_64, r-oldrel-macos-arm64
Version: 2.19.1
Check: package dependencies
Result: NOTE
Packages suggested but not available for checking: 'Rmpi', 'SwarmSVM'
Flavor: r-prerel-macos-arm64
Version: 2.19.1
Check: package dependencies
Result: NOTE
Package suggested but not available for checking: ‘Rmpi’
Flavors: r-release-macos-arm64, r-release-macos-x86_64, r-oldrel-macos-arm64