Last updated on 2025-01-19 05:49:14 CET.
Flavor | Version | Tinstall | Tcheck | Ttotal | Status | Flags |
---|---|---|---|---|---|---|
r-devel-linux-x86_64-debian-clang | 0.6.0 | 5.30 | 245.17 | 250.47 | OK | |
r-devel-linux-x86_64-debian-gcc | 0.6.0 | 3.84 | 158.16 | 162.00 | OK | |
r-devel-linux-x86_64-fedora-clang | 0.6.0 | 377.50 | OK | |||
r-devel-linux-x86_64-fedora-gcc | 0.6.0 | 339.23 | OK | |||
r-devel-windows-x86_64 | 0.6.0 | 6.00 | 148.00 | 154.00 | OK | |
r-patched-linux-x86_64 | 0.6.0 | 5.15 | 207.54 | 212.69 | OK | |
r-release-linux-x86_64 | 0.6.0 | 4.88 | 206.90 | 211.78 | OK | |
r-release-macos-arm64 | 0.6.0 | 106.00 | OK | |||
r-release-macos-x86_64 | 0.6.0 | 199.00 | OK | |||
r-release-windows-x86_64 | 0.6.0 | 7.00 | 142.00 | 149.00 | OK | |
r-oldrel-macos-arm64 | 0.6.0 | 75.00 | OK | |||
r-oldrel-macos-x86_64 | 0.6.0 | 151.00 | OK | |||
r-oldrel-windows-x86_64 | 0.6.0 | 7.00 | 197.00 | 204.00 | WARN |
Version: 0.6.0
Check: examples
Result: WARN
Found the following significant warnings:
Warning: 'maximization_to_minimization' is deprecated.
Deprecated functions may be defunct as soon as of the next release of
R.
See ?Deprecated.
Flavor: r-oldrel-windows-x86_64