CRAN Package Check Results for Package mlr3oml

Last updated on 2025-01-19 05:49:14 CET.

Flavor Version Tinstall Tcheck Ttotal Status Flags
r-devel-linux-x86_64-debian-clang 0.10.0 9.64 58.27 67.91 NOTE
r-devel-linux-x86_64-debian-gcc 0.10.0 6.54 41.53 48.07 NOTE
r-devel-linux-x86_64-fedora-clang 0.10.0 115.44 OK
r-devel-linux-x86_64-fedora-gcc 0.10.0 99.67 OK
r-devel-windows-x86_64 0.10.0 13.00 79.00 92.00 NOTE
r-patched-linux-x86_64 0.10.0 11.43 51.42 62.85 OK
r-release-linux-x86_64 0.10.0 8.77 51.37 60.14 OK
r-release-macos-arm64 0.10.0 31.00 OK
r-release-macos-x86_64 0.10.0 54.00 OK
r-release-windows-x86_64 0.10.0 14.00 75.00 89.00 OK
r-oldrel-macos-arm64 0.10.0 37.00 OK
r-oldrel-macos-x86_64 0.10.0 59.00 OK
r-oldrel-windows-x86_64 0.10.0 14.00 94.00 108.00 OK

Check Details

Version: 0.10.0
Check: Rd cross-references
Result: NOTE Found the following Rd file(s) with Rd \link{} targets missing package anchors: read_arff.Rd: data.table, fread Please provide package anchors for all Rd \link{} targets not in the package itself and the base packages. Flavors: r-devel-linux-x86_64-debian-clang, r-devel-linux-x86_64-debian-gcc, r-devel-windows-x86_64