CRAN Package Check Results for Package mlr3spatial

Last updated on 2025-01-19 05:49:14 CET.

Flavor Version Tinstall Tcheck Ttotal Status Flags
r-devel-linux-x86_64-debian-clang 0.5.0 27.31 325.81 353.12 NOTE
r-devel-linux-x86_64-debian-gcc 0.5.0 16.05 196.15 212.20 NOTE
r-devel-linux-x86_64-fedora-clang 0.5.0 489.85 OK
r-devel-linux-x86_64-fedora-gcc 0.5.0 511.97 OK
r-devel-windows-x86_64 0.5.0 25.00 242.00 267.00 NOTE
r-patched-linux-x86_64 0.5.0 26.35 291.66 318.01 OK
r-release-linux-x86_64 0.5.0 25.01 290.26 315.27 OK
r-release-macos-arm64 0.5.0 119.00 OK
r-release-macos-x86_64 0.5.0 200.00 OK
r-release-windows-x86_64 0.5.0 23.00 235.00 258.00 OK
r-oldrel-macos-arm64 0.5.0 137.00 OK
r-oldrel-macos-x86_64 0.5.0 330.00 OK
r-oldrel-windows-x86_64 0.5.0 30.00 347.00 377.00 OK

Check Details

Version: 0.5.0
Check: Rd cross-references
Result: NOTE Found the following Rd file(s) with Rd \link{} targets missing package anchors: TaskClassifST.Rd: TaskClassif, DataBackend, DataBackendDataTable, convert_task TaskRegrST.Rd: TaskRegr, DataBackend, DataBackendDataTable, convert_task as_data_backend.Rd: DataBackend as_task_classif_st.Rd: DataBackend, TaskRegr, convert_task as_task_regr_st.Rd: DataBackend, TaskClassif, convert_task predict_spatial.Rd: Learner Please provide package anchors for all Rd \link{} targets not in the package itself and the base packages. Flavors: r-devel-linux-x86_64-debian-clang, r-devel-linux-x86_64-debian-gcc, r-devel-windows-x86_64