Last updated on 2025-01-19 05:49:14 CET.
Flavor | Version | Tinstall | Tcheck | Ttotal | Status | Flags |
---|---|---|---|---|---|---|
r-devel-linux-x86_64-debian-clang | 0.3.1 | 11.44 | 109.38 | 120.82 | OK | |
r-devel-linux-x86_64-debian-gcc | 0.3.1 | 8.53 | 79.65 | 88.18 | OK | |
r-devel-linux-x86_64-fedora-clang | 0.3.1 | 190.66 | OK | |||
r-devel-linux-x86_64-fedora-gcc | 0.3.1 | 173.04 | OK | |||
r-devel-windows-x86_64 | 0.3.1 | 13.00 | 106.00 | 119.00 | OK | |
r-patched-linux-x86_64 | 0.3.1 | 11.91 | 98.29 | 110.20 | NOTE | |
r-release-linux-x86_64 | 0.3.1 | 11.04 | 98.89 | 109.93 | NOTE | |
r-release-macos-arm64 | 0.3.1 | 53.00 | NOTE | |||
r-release-macos-x86_64 | 0.3.1 | 91.00 | NOTE | |||
r-release-windows-x86_64 | 0.3.1 | 15.00 | 106.00 | 121.00 | NOTE | |
r-oldrel-macos-arm64 | 0.3.1 | 54.00 | NOTE | |||
r-oldrel-macos-x86_64 | 0.3.1 | 113.00 | NOTE | |||
r-oldrel-windows-x86_64 | 0.3.1 | 18.00 | 133.00 | 151.00 | NOTE |
Version: 0.3.1
Check: package dependencies
Result: NOTE
Package suggested but not available for checking: ‘mlr3proba’
Flavors: r-patched-linux-x86_64, r-release-linux-x86_64, r-release-macos-arm64, r-release-macos-x86_64, r-release-windows-x86_64, r-oldrel-macos-arm64, r-oldrel-macos-x86_64, r-oldrel-windows-x86_64