Last updated on 2025-01-19 05:49:14 CET.
Flavor | Version | Tinstall | Tcheck | Ttotal | Status | Flags |
---|---|---|---|---|---|---|
r-devel-linux-x86_64-debian-clang | 0.10.0 | 6.83 | 159.29 | 166.12 | OK | |
r-devel-linux-x86_64-debian-gcc | 0.10.1 | 4.72 | 111.36 | 116.08 | OK | |
r-devel-linux-x86_64-fedora-clang | 0.10.1 | 273.27 | OK | |||
r-devel-linux-x86_64-fedora-gcc | 0.10.1 | 229.05 | OK | |||
r-devel-windows-x86_64 | 0.10.1 | 11.00 | 141.00 | 152.00 | OK | |
r-patched-linux-x86_64 | 0.10.1 | 7.16 | 145.95 | 153.11 | NOTE | |
r-release-linux-x86_64 | 0.10.0 | 5.15 | 146.16 | 151.31 | NOTE | |
r-release-macos-arm64 | 0.10.1 | 65.00 | NOTE | |||
r-release-macos-x86_64 | 0.10.0 | 113.00 | NOTE | |||
r-release-windows-x86_64 | 0.10.0 | 10.00 | 134.00 | 144.00 | NOTE | |
r-oldrel-macos-arm64 | 0.10.1 | 65.00 | NOTE | |||
r-oldrel-macos-x86_64 | 0.10.0 | 108.00 | NOTE | |||
r-oldrel-windows-x86_64 | 0.10.1 | 12.00 | 175.00 | 187.00 | NOTE |
Version: 0.10.1
Check: package dependencies
Result: NOTE
Package suggested but not available for checking: ‘mlr3proba’
Flavors: r-patched-linux-x86_64, r-release-macos-arm64, r-oldrel-macos-arm64, r-oldrel-windows-x86_64
Version: 0.10.0
Check: package dependencies
Result: NOTE
Package suggested but not available for checking: ‘mlr3proba’
Flavors: r-release-linux-x86_64, r-release-macos-x86_64, r-release-windows-x86_64, r-oldrel-macos-x86_64
Version: 0.10.0
Check: Rd cross-references
Result: NOTE
Package unavailable to check Rd xrefs: ‘mlr3proba’
Flavors: r-release-linux-x86_64, r-release-macos-x86_64, r-release-windows-x86_64, r-oldrel-macos-x86_64