Last updated on 2025-01-19 05:49:14 CET.
Flavor | Version | Tinstall | Tcheck | Ttotal | Status | Flags |
---|---|---|---|---|---|---|
r-devel-linux-x86_64-debian-clang | 4.2.0 | 15.66 | 78.75 | 94.41 | NOTE | |
r-devel-linux-x86_64-debian-gcc | 4.2.0 | 9.13 | 52.62 | 61.75 | NOTE | |
r-devel-linux-x86_64-fedora-clang | 4.2.0 | 155.17 | NOTE | |||
r-devel-linux-x86_64-fedora-gcc | 4.2.0 | 141.41 | NOTE | |||
r-devel-windows-x86_64 | 4.2.0 | 15.00 | 87.00 | 102.00 | NOTE | |
r-patched-linux-x86_64 | 4.2.0 | 13.72 | 72.62 | 86.34 | NOTE | |
r-release-linux-x86_64 | 4.2.0 | 13.85 | 71.66 | 85.51 | NOTE | |
r-release-macos-arm64 | 4.2.0 | 38.00 | NOTE | |||
r-release-macos-x86_64 | 4.2.0 | 65.00 | NOTE | |||
r-release-windows-x86_64 | 4.2.0 | 16.00 | 86.00 | 102.00 | NOTE | |
r-oldrel-macos-arm64 | 4.2.0 | 40.00 | OK | |||
r-oldrel-macos-x86_64 | 4.2.0 | 64.00 | OK | |||
r-oldrel-windows-x86_64 | 4.2.0 | 19.00 | 112.00 | 131.00 | OK |
Version: 4.2.0
Check: Rd files
Result: NOTE
checkRd: (-1) simpopmlx.Rd:21: Lost braces; missing escapes or markup?
21 | \item{fim}{the Fisher Information Matrix estimated by Monolix. fim={"sa", "lin"} (default="sa")}
| ^
Flavors: r-devel-linux-x86_64-debian-clang, r-devel-linux-x86_64-debian-gcc, r-devel-linux-x86_64-fedora-clang, r-devel-linux-x86_64-fedora-gcc, r-devel-windows-x86_64, r-patched-linux-x86_64, r-release-linux-x86_64, r-release-macos-arm64, r-release-macos-x86_64, r-release-windows-x86_64