Last updated on 2024-03-27 20:50:02 CET.
Flavor | Version | Tinstall | Tcheck | Ttotal | Status | Flags |
---|---|---|---|---|---|---|
r-devel-linux-x86_64-debian-clang | 4.2.0 | 12.33 | 102.38 | 114.71 | NOTE | |
r-devel-linux-x86_64-debian-gcc | 4.2.0 | 13.60 | 73.56 | 87.16 | NOTE | |
r-devel-linux-x86_64-fedora-clang | 4.2.0 | 143.02 | NOTE | |||
r-devel-linux-x86_64-fedora-gcc | 4.2.0 | 140.15 | NOTE | |||
r-devel-windows-x86_64 | 4.2.0 | 14.00 | 86.00 | 100.00 | NOTE | |
r-patched-linux-x86_64 | 4.2.0 | 17.52 | 99.36 | 116.88 | OK | |
r-release-linux-x86_64 | 4.2.0 | 15.09 | 97.08 | 112.17 | OK | |
r-release-macos-arm64 | 4.2.0 | 40.00 | OK | |||
r-release-macos-x86_64 | 4.2.0 | 64.00 | OK | |||
r-release-windows-x86_64 | 4.2.0 | 20.00 | 114.00 | 134.00 | OK | |
r-oldrel-macos-arm64 | 4.2.0 | 46.00 | OK | |||
r-oldrel-windows-x86_64 | 4.2.0 | 21.00 | 111.00 | 132.00 | OK |
Version: 4.2.0
Check: Rd files
Result: NOTE
checkRd: (-1) simpopmlx.Rd:21: Lost braces; missing escapes or markup?
21 | \item{fim}{the Fisher Information Matrix estimated by Monolix. fim={"sa", "lin"} (default="sa")}
| ^
Flavors: r-devel-linux-x86_64-debian-clang, r-devel-linux-x86_64-debian-gcc, r-devel-linux-x86_64-fedora-clang, r-devel-linux-x86_64-fedora-gcc, r-devel-windows-x86_64