Last updated on 2024-05-01 16:53:01 CEST.
Flavor | Version | Tinstall | Tcheck | Ttotal | Status | Flags |
---|---|---|---|---|---|---|
r-devel-linux-x86_64-debian-clang | 0.1.1 | 371.51 | 86.44 | 457.95 | OK | |
r-devel-linux-x86_64-debian-gcc | 0.1.1 | 283.14 | 58.84 | 341.98 | OK | |
r-devel-linux-x86_64-fedora-clang | 0.1.1 | 696.62 | OK | |||
r-devel-linux-x86_64-fedora-gcc | 0.1.1 | 674.98 | OK | |||
r-devel-windows-x86_64 | 0.1.1 | 281.00 | 113.00 | 394.00 | OK | |
r-patched-linux-x86_64 | 0.1.1 | 264.86 | 82.08 | 346.94 | OK | |
r-release-linux-x86_64 | 0.1.1 | 258.21 | 80.95 | 339.16 | OK | |
r-release-macos-arm64 | 0.1.1 | 118.00 | NOTE | |||
r-release-windows-x86_64 | 0.1.1 | 278.00 | 110.00 | 388.00 | OK | |
r-oldrel-macos-arm64 | 0.1.1 | 153.00 | NOTE | |||
r-oldrel-macos-x86_64 | 0.1.1 | 249.00 | NOTE | |||
r-oldrel-windows-x86_64 | 0.1.1 | 338.00 | 132.00 | 470.00 | OK |
Version: 0.1.1
Check: installed package size
Result: NOTE
installed size is 16.8Mb
sub-directories of 1Mb or more:
doc 1.3Mb
libs 15.0Mb
Flavors: r-release-macos-arm64, r-oldrel-macos-arm64, r-oldrel-macos-x86_64