Last updated on 2024-03-28 14:48:34 CET.
Flavor | Version | Tinstall | Tcheck | Ttotal | Status | Flags |
---|---|---|---|---|---|---|
r-devel-linux-x86_64-debian-clang | 1.5 | 6.04 | 34.85 | 40.89 | NOTE | |
r-devel-linux-x86_64-debian-gcc | 1.5 | 4.60 | 29.24 | 33.84 | NOTE | |
r-devel-linux-x86_64-fedora-clang | 1.5 | 55.04 | NOTE | |||
r-devel-linux-x86_64-fedora-gcc | 1.5 | 54.84 | NOTE | |||
r-devel-windows-x86_64 | 1.5 | 5.00 | 42.00 | 47.00 | NOTE | |
r-patched-linux-x86_64 | 1.5 | 4.73 | 38.37 | 43.10 | NOTE | |
r-release-linux-x86_64 | 1.5 | 5.04 | 38.99 | 44.03 | OK | |
r-release-macos-arm64 | 1.5 | 22.00 | OK | |||
r-release-macos-x86_64 | 1.5 | 50.00 | OK | |||
r-release-windows-x86_64 | 1.5 | 6.00 | 51.00 | 57.00 | OK | |
r-oldrel-macos-arm64 | 1.5 | 23.00 | OK | |||
r-oldrel-windows-x86_64 | 1.5 | 7.00 | 52.00 | 59.00 | OK |
Version: 1.5
Check: Rd files
Result: NOTE
checkRd: (-1) mmeln.Rd:69: Lost braces; missing escapes or markup?
69 | \item{obj$M}{Number of total observations sum_{i=1}^N(pi)}
| ^
Flavors: r-devel-linux-x86_64-debian-clang, r-devel-linux-x86_64-debian-gcc, r-devel-linux-x86_64-fedora-clang, r-devel-linux-x86_64-fedora-gcc, r-devel-windows-x86_64, r-patched-linux-x86_64