Last updated on 2025-01-19 05:49:14 CET.
Flavor | Version | Tinstall | Tcheck | Ttotal | Status | Flags |
---|---|---|---|---|---|---|
r-devel-linux-x86_64-debian-clang | 0.3.14 | 479.82 | 148.66 | 628.48 | OK | |
r-devel-linux-x86_64-debian-gcc | 0.3.14 | 403.23 | 136.74 | 539.97 | OK | |
r-devel-linux-x86_64-fedora-clang | 0.3.14 | 1005.40 | OK | |||
r-devel-linux-x86_64-fedora-gcc | 0.3.14 | 1487.42 | OK | |||
r-devel-windows-x86_64 | 0.3.14 | 443.00 | 239.00 | 682.00 | OK | |
r-patched-linux-x86_64 | 0.3.14 | 554.41 | 180.88 | 735.29 | OK | |
r-release-linux-x86_64 | 0.3.14 | 538.24 | 181.34 | 719.58 | OK | |
r-release-macos-arm64 | 0.3.14 | 188.00 | NOTE | |||
r-release-macos-x86_64 | 0.3.14 | 238.00 | NOTE | |||
r-release-windows-x86_64 | 0.3.14 | 444.00 | 233.00 | 677.00 | NOTE | |
r-oldrel-macos-arm64 | 0.3.14 | 268.00 | NOTE | |||
r-oldrel-macos-x86_64 | 0.3.14 | 285.00 | NOTE | |||
r-oldrel-windows-x86_64 | 0.3.14 | 539.00 | 336.00 | 875.00 | NOTE |
Version: 0.3.14
Check: installed package size
Result: NOTE
installed size is 121.1Mb
sub-directories of 1Mb or more:
libs 119.3Mb
Flavors: r-release-macos-arm64, r-release-macos-x86_64, r-release-windows-x86_64, r-oldrel-macos-arm64, r-oldrel-macos-x86_64, r-oldrel-windows-x86_64