Last updated on 2025-01-19 05:49:14 CET.
Flavor | Version | Tinstall | Tcheck | Ttotal | Status | Flags |
---|---|---|---|---|---|---|
r-devel-linux-x86_64-debian-clang | 0.1 | 20.86 | 21.73 | 42.59 | OK | |
r-devel-linux-x86_64-debian-gcc | 0.1 | 12.91 | 17.44 | 30.35 | OK | |
r-devel-linux-x86_64-fedora-clang | 0.1 | 76.10 | OK | |||
r-devel-linux-x86_64-fedora-gcc | 0.1 | 76.29 | OK | |||
r-devel-windows-x86_64 | 0.1 | 22.00 | 64.00 | 86.00 | OK | |
r-patched-linux-x86_64 | 0.1 | 17.55 | 21.13 | 38.68 | NOTE | |
r-release-linux-x86_64 | 0.1 | 17.64 | 21.04 | 38.68 | NOTE | |
r-release-macos-arm64 | 0.1 | 23.00 | NOTE | |||
r-release-macos-x86_64 | 0.1 | 31.00 | NOTE | |||
r-release-windows-x86_64 | 0.1 | 21.00 | 61.00 | 82.00 | NOTE | |
r-oldrel-macos-arm64 | 0.1 | 23.00 | NOTE | |||
r-oldrel-macos-x86_64 | 0.1 | 38.00 | NOTE | |||
r-oldrel-windows-x86_64 | 0.1 | 23.00 | 71.00 | 94.00 | NOTE |
Version: 0.1
Check: LazyData
Result: NOTE
'LazyData' is specified without a 'data' directory
Flavors: r-patched-linux-x86_64, r-release-linux-x86_64, r-release-macos-arm64, r-release-macos-x86_64, r-release-windows-x86_64, r-oldrel-macos-arm64, r-oldrel-macos-x86_64, r-oldrel-windows-x86_64