CRAN Package Check Results for Package mnorm

Last updated on 2025-01-19 05:49:14 CET.

Flavor Version Tinstall Tcheck Ttotal Status Flags
r-devel-linux-x86_64-debian-clang 1.2.2 118.61 25.90 144.51 OK
r-devel-linux-x86_64-debian-gcc 1.2.2 99.13 21.20 120.33 OK
r-devel-linux-x86_64-fedora-clang 1.2.2 280.05 OK
r-devel-linux-x86_64-fedora-gcc 1.2.2 331.21 OK
r-devel-windows-x86_64 1.2.2 123.00 75.00 198.00 OK
r-patched-linux-x86_64 1.2.2 137.31 24.75 162.06 OK
r-release-linux-x86_64 1.2.2 140.01 24.99 165.00 OK
r-release-macos-arm64 1.2.2 61.00 NOTE
r-release-macos-x86_64 1.2.2 70.00 NOTE
r-release-windows-x86_64 1.2.2 119.00 74.00 193.00 OK
r-oldrel-macos-arm64 1.2.2 68.00 NOTE
r-oldrel-macos-x86_64 1.2.2 102.00 NOTE
r-oldrel-windows-x86_64 1.2.2 124.00 87.00 211.00 OK

Check Details

Version: 1.2.2
Check: installed package size
Result: NOTE installed size is 10.6Mb sub-directories of 1Mb or more: libs 10.4Mb Flavors: r-release-macos-arm64, r-release-macos-x86_64, r-oldrel-macos-arm64, r-oldrel-macos-x86_64