CRAN Package Check Results for Package mnreadR

Last updated on 2025-01-19 05:49:14 CET.

Flavor Version Tinstall Tcheck Ttotal Status Flags
r-devel-linux-x86_64-debian-clang 2.1.7 6.28 65.56 71.84 NOTE
r-devel-linux-x86_64-debian-gcc 2.1.7 4.14 44.65 48.79 NOTE
r-devel-linux-x86_64-fedora-clang 2.1.7 115.52 OK
r-devel-linux-x86_64-fedora-gcc 2.1.7 107.45 OK
r-devel-windows-x86_64 2.1.7 7.00 77.00 84.00 NOTE
r-patched-linux-x86_64 2.1.7 6.98 61.18 68.16 OK
r-release-linux-x86_64 2.1.7 5.42 60.54 65.96 OK
r-release-macos-arm64 2.1.7 35.00 OK
r-release-macos-x86_64 2.1.7 85.00 OK
r-release-windows-x86_64 2.1.7 10.00 81.00 91.00 OK
r-oldrel-macos-arm64 2.1.7 45.00 OK
r-oldrel-macos-x86_64 2.1.7 65.00 OK
r-oldrel-windows-x86_64 2.1.7 11.00 97.00 108.00 OK

Check Details

Version: 2.1.7
Check: Rd cross-references
Result: NOTE Found the following Rd file(s) with Rd \link{} targets missing package anchors: nlmeModel.Rd: nlme Please provide package anchors for all Rd \link{} targets not in the package itself and the base packages. Flavors: r-devel-linux-x86_64-debian-clang, r-devel-linux-x86_64-debian-gcc, r-devel-windows-x86_64