CRAN Package Check Results for Package mobilityIndexR

Last updated on 2025-01-19 05:49:14 CET.

Flavor Version Tinstall Tcheck Ttotal Status Flags
r-devel-linux-x86_64-debian-clang 0.2.1 1.93 34.09 36.02 NOTE
r-devel-linux-x86_64-debian-gcc 0.2.1 1.64 25.19 26.83 NOTE
r-devel-linux-x86_64-fedora-clang 0.2.1 61.40 NOTE
r-devel-linux-x86_64-fedora-gcc 0.2.1 72.40 NOTE
r-devel-windows-x86_64 0.2.1 3.00 57.00 60.00 NOTE
r-patched-linux-x86_64 0.2.1 2.09 33.09 35.18 NOTE
r-release-linux-x86_64 0.2.1 2.22 33.30 35.52 NOTE
r-release-macos-arm64 0.2.1 26.00 NOTE
r-release-macos-x86_64 0.2.1 44.00 NOTE
r-release-windows-x86_64 0.2.1 4.00 57.00 61.00 NOTE
r-oldrel-macos-arm64 0.2.1 27.00 NOTE
r-oldrel-macos-x86_64 0.2.1 42.00 NOTE
r-oldrel-windows-x86_64 0.2.1 4.00 62.00 66.00 NOTE

Check Details

Version: 0.2.1
Check: package subdirectories
Result: NOTE Problems with news in ‘NEWS.md’: No news entries found. Flavors: r-devel-linux-x86_64-debian-clang, r-devel-linux-x86_64-debian-gcc, r-devel-linux-x86_64-fedora-clang, r-devel-linux-x86_64-fedora-gcc, r-devel-windows-x86_64, r-patched-linux-x86_64, r-release-linux-x86_64, r-release-macos-arm64, r-release-macos-x86_64, r-release-windows-x86_64, r-oldrel-macos-arm64, r-oldrel-macos-x86_64, r-oldrel-windows-x86_64