CRAN Package Check Results for Package mod

Last updated on 2025-01-19 05:49:14 CET.

Flavor Version Tinstall Tcheck Ttotal Status Flags
r-devel-linux-x86_64-debian-clang 0.1.3 1.75 19.99 21.74 OK
r-devel-linux-x86_64-debian-gcc 0.1.3 1.39 16.36 17.75 OK
r-devel-linux-x86_64-fedora-clang 0.1.3 35.51 OK
r-devel-linux-x86_64-fedora-gcc 0.1.3 34.36 OK
r-devel-windows-x86_64 0.1.3 3.00 45.00 48.00 OK
r-patched-linux-x86_64 0.1.3 2.02 19.35 21.37 NOTE
r-release-linux-x86_64 0.1.3 1.86 19.33 21.19 NOTE
r-release-macos-arm64 0.1.3 15.00 NOTE
r-release-macos-x86_64 0.1.3 37.00 NOTE
r-release-windows-x86_64 0.1.3 4.00 45.00 49.00 NOTE
r-oldrel-macos-arm64 0.1.3 18.00 NOTE
r-oldrel-macos-x86_64 0.1.3 22.00 NOTE
r-oldrel-windows-x86_64 0.1.3 4.00 47.00 51.00 NOTE

Check Details

Version: 0.1.3
Check: LazyData
Result: NOTE 'LazyData' is specified without a 'data' directory Flavors: r-patched-linux-x86_64, r-release-linux-x86_64, r-release-macos-arm64, r-release-macos-x86_64, r-release-windows-x86_64, r-oldrel-macos-arm64, r-oldrel-macos-x86_64, r-oldrel-windows-x86_64