CRAN Package Check Results for Package modeLLtest

Last updated on 2025-01-19 05:49:14 CET.

Flavor Version Tinstall Tcheck Ttotal Status Flags
r-devel-linux-x86_64-debian-clang 1.0.4 55.16 83.03 138.19 NOTE
r-devel-linux-x86_64-debian-gcc 1.0.4 37.84 61.78 99.62 NOTE
r-devel-linux-x86_64-fedora-clang 1.0.4 242.47 NOTE
r-devel-linux-x86_64-fedora-gcc 1.0.4 263.74 NOTE
r-devel-windows-x86_64 1.0.4 60.00 116.00 176.00 NOTE
r-patched-linux-x86_64 1.0.4 55.51 78.00 133.51 NOTE
r-release-linux-x86_64 1.0.4 57.01 77.89 134.90 NOTE
r-release-macos-arm64 1.0.4 68.00 NOTE
r-release-macos-x86_64 1.0.4 86.00 NOTE
r-release-windows-x86_64 1.0.4 60.00 112.00 172.00 NOTE
r-oldrel-macos-arm64 1.0.4 77.00 NOTE
r-oldrel-macos-x86_64 1.0.4 123.00 NOTE
r-oldrel-windows-x86_64 1.0.4 68.00 142.00 210.00 NOTE

Check Details

Version: 1.0.4
Check: C++ specification
Result: NOTE Specified C++11: please drop specification unless essential Flavors: r-devel-linux-x86_64-debian-clang, r-devel-linux-x86_64-debian-gcc, r-devel-linux-x86_64-fedora-clang, r-devel-linux-x86_64-fedora-gcc, r-devel-windows-x86_64, r-patched-linux-x86_64, r-release-linux-x86_64, r-release-macos-arm64, r-release-macos-x86_64, r-release-windows-x86_64, r-oldrel-macos-arm64, r-oldrel-macos-x86_64, r-oldrel-windows-x86_64