Last updated on 2025-01-19 05:49:14 CET.
Flavor | Version | Tinstall | Tcheck | Ttotal | Status | Flags |
---|---|---|---|---|---|---|
r-devel-linux-x86_64-debian-clang | 1.4.0 | 19.95 | 47.57 | 67.52 | OK | |
r-devel-linux-x86_64-debian-gcc | 1.4.0 | 13.79 | 34.19 | 47.98 | OK | |
r-devel-linux-x86_64-fedora-clang | 1.4.0 | 108.26 | OK | |||
r-devel-linux-x86_64-fedora-gcc | 1.4.0 | 102.40 | OK | |||
r-devel-windows-x86_64 | 1.4.0 | 21.00 | 81.00 | 102.00 | OK | |
r-patched-linux-x86_64 | 1.4.0 | 18.87 | 44.64 | 63.51 | OK | |
r-release-linux-x86_64 | 1.4.0 | 17.29 | 44.70 | 61.99 | OK | |
r-release-macos-arm64 | 1.4.0 | 42.00 | NOTE | |||
r-release-macos-x86_64 | 1.4.0 | 90.00 | NOTE | |||
r-release-windows-x86_64 | 1.4.0 | 22.00 | 79.00 | 101.00 | NOTE | |
r-oldrel-macos-arm64 | 1.4.0 | 45.00 | NOTE | |||
r-oldrel-macos-x86_64 | 1.4.0 | 84.00 | NOTE | |||
r-oldrel-windows-x86_64 | 1.4.0 | 25.00 | 91.00 | 116.00 | OK |
Version: 1.4.0
Check: installed package size
Result: NOTE
installed size is 5.4Mb
sub-directories of 1Mb or more:
data 5.2Mb
Flavors: r-release-macos-arm64, r-release-macos-x86_64, r-release-windows-x86_64, r-oldrel-macos-arm64, r-oldrel-macos-x86_64