Last updated on 2021-01-24 12:51:11 CET.
Flavor | Version | Tinstall | Tcheck | Ttotal | Status | Flags |
---|---|---|---|---|---|---|
r-devel-linux-x86_64-debian-clang | 0.1.0 | 2.56 | 38.81 | 41.37 | OK | |
r-devel-linux-x86_64-debian-gcc | 0.1.0 | 1.88 | 31.26 | 33.14 | OK | |
r-devel-linux-x86_64-fedora-clang | 0.1.0 | 61.61 | NOTE | |||
r-devel-linux-x86_64-fedora-gcc | 0.1.0 | 51.17 | NOTE | |||
r-devel-windows-ix86+x86_64 | 0.1.0 | 6.00 | 48.00 | 54.00 | OK | |
r-patched-linux-x86_64 | 0.1.0 | 2.47 | 38.97 | 41.44 | OK | |
r-patched-solaris-x86 | 0.1.0 | 85.70 | NOTE | |||
r-release-linux-x86_64 | 0.1.0 | 2.33 | 40.05 | 42.38 | OK | |
r-release-macos-x86_64 | 0.1.0 | NOTE | ||||
r-release-windows-ix86+x86_64 | 0.1.0 | 5.00 | 63.00 | 68.00 | OK | |
r-oldrel-macos-x86_64 | 0.1.0 | NOTE | ||||
r-oldrel-windows-ix86+x86_64 | 0.1.0 | 4.00 | 60.00 | 64.00 | OK |
Version: 0.1.0
Check: data for non-ASCII characters
Result: NOTE
Note: found 12 marked UTF-8 strings
Flavors: r-devel-linux-x86_64-fedora-clang, r-devel-linux-x86_64-fedora-gcc, r-patched-solaris-x86, r-release-macos-x86_64, r-oldrel-macos-x86_64
Version: 0.1.0
Check: installed package size
Result: NOTE
installed size is 5.4Mb
sub-directories of 1Mb or more:
data 5.3Mb
Flavor: r-patched-solaris-x86