CRAN Package Check Results for Package mojson

Last updated on 2025-01-19 05:49:15 CET.

Flavor Version Tinstall Tcheck Ttotal Status Flags
r-devel-linux-x86_64-debian-clang 0.1 5.28 38.41 43.69 OK
r-devel-linux-x86_64-debian-gcc 0.1 3.61 27.23 30.84 OK
r-devel-linux-x86_64-fedora-clang 0.1 68.98 OK
r-devel-linux-x86_64-fedora-gcc 0.1 77.03 OK
r-devel-windows-x86_64 0.1 6.00 54.00 60.00 OK
r-patched-linux-x86_64 0.1 5.05 33.79 38.84 NOTE
r-release-linux-x86_64 0.1 4.35 34.48 38.83 NOTE
r-release-macos-arm64 0.1 31.00 NOTE
r-release-macos-x86_64 0.1 50.00 NOTE
r-release-windows-x86_64 0.1 6.00 56.00 62.00 NOTE
r-oldrel-macos-arm64 0.1 30.00 NOTE
r-oldrel-macos-x86_64 0.1 43.00 NOTE
r-oldrel-windows-x86_64 0.1 9.00 63.00 72.00 NOTE

Check Details

Version: 0.1
Check: LazyData
Result: NOTE 'LazyData' is specified without a 'data' directory Flavors: r-patched-linux-x86_64, r-release-linux-x86_64, r-release-macos-arm64, r-release-macos-x86_64, r-release-windows-x86_64, r-oldrel-macos-arm64, r-oldrel-macos-x86_64, r-oldrel-windows-x86_64