Last updated on 2024-04-17 13:57:35 CEST.
Flavor | Version | Tinstall | Tcheck | Ttotal | Status | Flags |
---|---|---|---|---|---|---|
r-devel-linux-x86_64-debian-clang | 5.3 | 20.00 | 275.01 | 295.01 | NOTE | |
r-devel-linux-x86_64-debian-gcc | 5.3 | 13.16 | 193.43 | 206.59 | NOTE | |
r-devel-linux-x86_64-fedora-clang | 5.3 | 361.99 | NOTE | |||
r-devel-linux-x86_64-fedora-gcc | 5.3 | 349.97 | NOTE | |||
r-prerel-macos-arm64 | 5.3 | 90.00 | OK | |||
r-prerel-windows-x86_64 | 5.3 | 16.00 | 195.00 | 211.00 | OK | |
r-patched-linux-x86_64 | 5.3 | 20.16 | 257.64 | 277.80 | NOTE | |
r-release-linux-x86_64 | 5.3 | 16.69 | 260.35 | 277.04 | NOTE | |
r-release-macos-arm64 | 5.3 | 102.00 | OK | |||
r-release-macos-x86_64 | 5.3 | 142.00 | OK | |||
r-release-windows-x86_64 | 5.3 | 23.00 | 252.00 | 275.00 | OK | |
r-oldrel-macos-arm64 | 5.3 | 71.00 | OK | |||
r-oldrel-windows-x86_64 | 5.3 | 24.00 | 244.00 | 268.00 | OK |
Version: 5.3
Check: package dependencies
Result: NOTE
Package suggested but not available for checking: ‘rglwidget’
Flavors: r-devel-linux-x86_64-debian-clang, r-devel-linux-x86_64-debian-gcc, r-devel-linux-x86_64-fedora-clang, r-devel-linux-x86_64-fedora-gcc, r-patched-linux-x86_64, r-release-linux-x86_64