Last updated on 2025-01-19 05:49:15 CET.
Flavor | Version | Tinstall | Tcheck | Ttotal | Status | Flags |
---|---|---|---|---|---|---|
r-devel-linux-x86_64-debian-clang | 5.3 | 16.05 | 209.97 | 226.02 | OK | |
r-devel-linux-x86_64-debian-gcc | 5.3 | 10.82 | 138.20 | 149.02 | OK | |
r-devel-linux-x86_64-fedora-clang | 5.3 | 386.95 | OK | |||
r-devel-linux-x86_64-fedora-gcc | 5.3 | 380.23 | OK | |||
r-devel-windows-x86_64 | 5.3 | 16.00 | 190.00 | 206.00 | OK | |
r-patched-linux-x86_64 | 5.3 | 15.01 | 187.10 | 202.11 | NOTE | |
r-release-linux-x86_64 | 5.3 | 14.05 | 190.22 | 204.27 | NOTE | |
r-release-macos-arm64 | 5.3 | 90.00 | OK | |||
r-release-macos-x86_64 | 5.3 | 141.00 | OK | |||
r-release-windows-x86_64 | 5.3 | 17.00 | 194.00 | 211.00 | OK | |
r-oldrel-macos-arm64 | 5.3 | 102.00 | OK | |||
r-oldrel-macos-x86_64 | 5.3 | 142.00 | OK | |||
r-oldrel-windows-x86_64 | 5.3 | 18.00 | 245.00 | 263.00 | OK |
Version: 5.3
Check: package dependencies
Result: NOTE
Package suggested but not available for checking: ‘rglwidget’
Flavors: r-patched-linux-x86_64, r-release-linux-x86_64