Last updated on 2025-01-19 05:49:15 CET.
Flavor | Version | Tinstall | Tcheck | Ttotal | Status | Flags |
---|---|---|---|---|---|---|
r-devel-linux-x86_64-debian-clang | 3.5.4 | 157.16 | 233.40 | 390.56 | OK | |
r-devel-linux-x86_64-debian-gcc | 3.5.4 | 110.89 | 145.69 | 256.58 | OK | |
r-devel-linux-x86_64-fedora-clang | 3.5.4 | 764.72 | OK | |||
r-devel-linux-x86_64-fedora-gcc | 3.5.4 | 772.44 | OK | |||
r-devel-windows-x86_64 | 3.5.4 | 167.00 | 261.00 | 428.00 | OK | |
r-patched-linux-x86_64 | 3.5.4 | 157.41 | 214.22 | 371.63 | OK | |
r-release-linux-x86_64 | 3.5.4 | 159.06 | 212.85 | 371.91 | OK | |
r-release-macos-arm64 | 3.5.4 | 149.00 | NOTE | |||
r-release-macos-x86_64 | 3.5.4 | 198.00 | NOTE | |||
r-release-windows-x86_64 | 3.5.4 | 172.00 | 268.00 | 440.00 | OK | |
r-oldrel-macos-arm64 | 3.5.4 | 231.00 | NOTE | |||
r-oldrel-macos-x86_64 | 3.5.4 | 331.00 | NOTE | |||
r-oldrel-windows-x86_64 | 3.5.4 | 192.00 | 332.00 | 524.00 | OK |
Version: 3.5.4
Check: installed package size
Result: NOTE
installed size is 9.8Mb
sub-directories of 1Mb or more:
libs 8.2Mb
Flavors: r-release-macos-arm64, r-release-macos-x86_64, r-oldrel-macos-arm64, r-oldrel-macos-x86_64