CRAN Package Check Results for Package monaco

Last updated on 2025-01-19 05:49:15 CET.

Flavor Version Tinstall Tcheck Ttotal Status Flags
r-devel-linux-x86_64-debian-clang 0.2.2 4.90 30.84 35.74 OK
r-devel-linux-x86_64-debian-gcc 0.2.2 3.36 24.20 27.56 OK
r-devel-linux-x86_64-fedora-clang 0.2.2 55.44 OK
r-devel-linux-x86_64-fedora-gcc 0.2.2 55.91 OK
r-devel-windows-x86_64 0.2.2 8.00 52.00 60.00 OK
r-patched-linux-x86_64 0.2.2 4.71 29.29 34.00 OK
r-release-linux-x86_64 0.2.2 3.94 29.64 33.58 OK
r-release-macos-arm64 0.2.2 20.00 NOTE
r-release-macos-x86_64 0.2.2 31.00 NOTE
r-release-windows-x86_64 0.2.2 8.00 51.00 59.00 NOTE
r-oldrel-macos-arm64 0.2.2 25.00 NOTE
r-oldrel-macos-x86_64 0.2.2 29.00 NOTE
r-oldrel-windows-x86_64 0.2.2 8.00 59.00 67.00 NOTE

Check Details

Version: 0.2.2
Check: installed package size
Result: NOTE installed size is 14.8Mb sub-directories of 1Mb or more: htmlwidgets 14.7Mb Flavors: r-release-macos-arm64, r-release-macos-x86_64, r-release-windows-x86_64, r-oldrel-macos-arm64, r-oldrel-macos-x86_64, r-oldrel-windows-x86_64