CRAN Package Check Results for Package monitoR

Last updated on 2020-09-21 12:56:17 CEST.

Flavor Version Tinstall Tcheck Ttotal Status Flags
r-devel-linux-x86_64-debian-clang 1.0.7 11.80 121.87 133.67 OK
r-devel-linux-x86_64-debian-gcc 1.0.7 10.02 88.41 98.43 OK
r-devel-linux-x86_64-fedora-clang 1.0.7 173.94 NOTE
r-devel-linux-x86_64-fedora-gcc 1.0.7 161.31 OK
r-devel-windows-ix86+x86_64 1.0.7 24.00 123.00 147.00 OK
r-patched-linux-x86_64 1.0.7 12.10 120.44 132.54 OK
r-patched-solaris-x86 1.0.7 218.10 OK
r-release-linux-x86_64 1.0.7 11.14 119.96 131.10 OK
r-release-macos-x86_64 1.0.7 OK
r-release-windows-ix86+x86_64 1.0.7 26.00 113.00 139.00 OK
r-oldrel-macos-x86_64 1.0.7 OK
r-oldrel-windows-ix86+x86_64 1.0.7 11.00 142.00 153.00 OK

Check Details

Version: 1.0.7
Check: Rd cross-references
Result: NOTE
    Undeclared package ‘seewave’ in Rd xrefs
Flavor: r-devel-linux-x86_64-fedora-clang