CRAN Package Check Results for Package monoClust

Last updated on 2025-01-19 05:49:15 CET.

Flavor Version Tinstall Tcheck Ttotal Status Flags
r-devel-linux-x86_64-debian-clang 1.2.1 5.53 84.06 89.59 NOTE
r-devel-linux-x86_64-debian-gcc 1.2.1 4.05 55.22 59.27 NOTE
r-devel-linux-x86_64-fedora-clang 1.2.1 145.00 NOTE
r-devel-linux-x86_64-fedora-gcc 1.2.1 149.35 NOTE
r-devel-windows-x86_64 1.2.1 9.00 99.00 108.00 NOTE
r-patched-linux-x86_64 1.2.1 5.60 77.70 83.30 NOTE
r-release-linux-x86_64 1.2.1 4.51 76.26 80.77 NOTE
r-release-macos-arm64 1.2.1 56.00 NOTE
r-release-macos-x86_64 1.2.1 100.00 NOTE
r-release-windows-x86_64 1.2.1 9.00 97.00 106.00 NOTE
r-oldrel-macos-arm64 1.2.1 48.00 OK
r-oldrel-macos-x86_64 1.2.1 79.00 OK
r-oldrel-windows-x86_64 1.2.1 10.00 121.00 131.00 OK

Check Details

Version: 1.2.1
Check: Rd files
Result: NOTE checkRd: (-1) circ_dist.Rd:21: Lost braces; missing escapes or markup? 21 | The distance between two observations {i} and {j} of a circular variable {q} | ^ checkRd: (-1) circ_dist.Rd:21: Lost braces; missing escapes or markup? 21 | The distance between two observations {i} and {j} of a circular variable {q} | ^ checkRd: (-1) circ_dist.Rd:21: Lost braces; missing escapes or markup? 21 | The distance between two observations {i} and {j} of a circular variable {q} | ^ Flavors: r-devel-linux-x86_64-debian-clang, r-devel-linux-x86_64-debian-gcc, r-devel-linux-x86_64-fedora-clang, r-devel-linux-x86_64-fedora-gcc, r-devel-windows-x86_64, r-patched-linux-x86_64, r-release-linux-x86_64, r-release-macos-arm64, r-release-macos-x86_64, r-release-windows-x86_64