CRAN Package Check Results for Package moreparty

Last updated on 2025-01-19 05:49:15 CET.

Flavor Version Tinstall Tcheck Ttotal Status Flags
r-devel-linux-x86_64-debian-clang 0.4 12.15 208.97 221.12 NOTE
r-devel-linux-x86_64-debian-gcc 0.4 9.69 162.19 171.88 NOTE
r-devel-linux-x86_64-fedora-clang 0.4 357.17 OK
r-devel-linux-x86_64-fedora-gcc 0.4 380.89 OK
r-devel-windows-x86_64 0.4 14.00 217.00 231.00 NOTE
r-patched-linux-x86_64 0.4 17.65 188.81 206.46 OK
r-release-linux-x86_64 0.4 12.36 190.81 203.17 OK
r-release-macos-arm64 0.4 116.00 OK
r-release-macos-x86_64 0.4 158.00 OK
r-release-windows-x86_64 0.4 15.00 212.00 227.00 OK
r-oldrel-macos-arm64 0.4 118.00 OK
r-oldrel-macos-x86_64 0.4 451.00 OK
r-oldrel-windows-x86_64 0.4 18.00 247.00 265.00 OK

Check Details

Version: 0.4
Check: Rd cross-references
Result: NOTE Found the following Rd file(s) with Rd \link{} targets missing package anchors: GetAleData.Rd: cforest, foreach, FeatureEffect, iml GetInteractionStrength.Rd: cforest, vip GetPartialData.Rd: cforest, partial, foreach, pdp fastcforest.Rd: ForestControl-class, cforest_control, ptrafo, cforest, RandomForest-class fastvarImp.Rd: varImp, cforest ggVarImp.Rd: varImp, varImpAUC Please provide package anchors for all Rd \link{} targets not in the package itself and the base packages. Flavors: r-devel-linux-x86_64-debian-clang, r-devel-linux-x86_64-debian-gcc, r-devel-windows-x86_64