CRAN Package Check Results for Package mosqcontrol

Last updated on 2025-01-19 05:49:15 CET.

Flavor Version Tinstall Tcheck Ttotal Status Flags
r-devel-linux-x86_64-debian-clang 0.1.0 3.80 31.96 35.76 OK
r-devel-linux-x86_64-debian-gcc 0.1.0 2.73 23.40 26.13 OK
r-devel-linux-x86_64-fedora-clang 0.1.0 60.06 NOTE
r-devel-linux-x86_64-fedora-gcc 0.1.0 71.54 NOTE
r-devel-windows-x86_64 0.1.0 5.00 54.00 59.00 OK
r-patched-linux-x86_64 0.1.0 4.41 30.68 35.09 NOTE
r-release-linux-x86_64 0.1.0 3.91 30.41 34.32 NOTE
r-release-macos-arm64 0.1.0 28.00 NOTE
r-release-macos-x86_64 0.1.0 38.00 NOTE
r-release-windows-x86_64 0.1.0 5.00 53.00 58.00 NOTE
r-oldrel-macos-arm64 0.1.0 29.00 NOTE
r-oldrel-macos-x86_64 0.1.0 37.00 NOTE
r-oldrel-windows-x86_64 0.1.0 6.00 58.00 64.00 NOTE

Check Details

Version: 0.1.0
Check: dependencies in R code
Result: NOTE Namespace in Imports field not imported from: ‘NlcOptim’ All declared Imports should be used. Flavors: r-devel-linux-x86_64-fedora-clang, r-devel-linux-x86_64-fedora-gcc

Version: 0.1.0
Check: LazyData
Result: NOTE 'LazyData' is specified without a 'data' directory Flavors: r-patched-linux-x86_64, r-release-linux-x86_64, r-release-macos-arm64, r-release-macos-x86_64, r-release-windows-x86_64, r-oldrel-macos-arm64, r-oldrel-macos-x86_64, r-oldrel-windows-x86_64