Last updated on 2025-01-19 05:49:15 CET.
Flavor | Version | Tinstall | Tcheck | Ttotal | Status | Flags |
---|---|---|---|---|---|---|
r-devel-linux-x86_64-debian-clang | 4.2.6 | 61.86 | 437.22 | 499.08 | OK | |
r-devel-linux-x86_64-debian-gcc | 4.2.6 | 40.72 | 284.18 | 324.90 | OK | |
r-devel-linux-x86_64-fedora-clang | 4.2.6 | 847.23 | OK | |||
r-devel-linux-x86_64-fedora-gcc | 4.2.6 | 824.93 | OK | |||
r-devel-windows-x86_64 | 4.2.6 | 56.00 | 428.00 | 484.00 | OK | |
r-patched-linux-x86_64 | 4.2.6 | 60.38 | 411.62 | 472.00 | OK | |
r-release-linux-x86_64 | 4.2.6 | 55.24 | 409.39 | 464.63 | OK | |
r-release-macos-arm64 | 4.2.6 | 177.00 | NOTE | |||
r-release-macos-x86_64 | 4.2.6 | 349.00 | NOTE | |||
r-release-windows-x86_64 | 4.2.6 | 55.00 | 422.00 | 477.00 | OK | |
r-oldrel-macos-arm64 | 4.2.6 | 192.00 | NOTE | |||
r-oldrel-macos-x86_64 | 4.2.6 | 349.00 | NOTE | |||
r-oldrel-windows-x86_64 | 4.2.6 | 68.00 | 576.00 | 644.00 | OK |
Version: 4.2.6
Check: installed package size
Result: NOTE
installed size is 5.4Mb
sub-directories of 1Mb or more:
R 2.0Mb
Flavors: r-release-macos-arm64, r-release-macos-x86_64, r-oldrel-macos-arm64, r-oldrel-macos-x86_64