Last updated on 2025-01-19 05:49:15 CET.
Flavor | Version | Tinstall | Tcheck | Ttotal | Status | Flags |
---|---|---|---|---|---|---|
r-devel-linux-x86_64-debian-clang | 0.1.4 | 9.15 | 167.37 | 176.52 | NOTE | |
r-devel-linux-x86_64-debian-gcc | 0.1.4 | 5.33 | 108.80 | 114.13 | NOTE | |
r-devel-linux-x86_64-fedora-clang | 0.1.4 | 294.40 | OK | |||
r-devel-linux-x86_64-fedora-gcc | 0.1.4 | 275.90 | OK | |||
r-devel-windows-x86_64 | 0.1.4 | 13.00 | 207.00 | 220.00 | NOTE | |
r-patched-linux-x86_64 | 0.1.4 | 17.69 | 159.48 | 177.17 | OK | |
r-release-linux-x86_64 | 0.1.4 | 9.45 | 158.75 | 168.20 | OK | |
r-release-macos-arm64 | 0.1.4 | 96.00 | OK | |||
r-release-macos-x86_64 | 0.1.4 | 130.00 | OK | |||
r-release-windows-x86_64 | 0.1.4 | 13.00 | 203.00 | 216.00 | OK | |
r-oldrel-macos-arm64 | 0.1.4 | 90.00 | OK | |||
r-oldrel-macos-x86_64 | 0.1.4 | 161.00 | OK | |||
r-oldrel-windows-x86_64 | 0.1.4 | 16.00 | 245.00 | 261.00 | OK |
Version: 0.1.4
Check: Rd cross-references
Result: NOTE
Found the following Rd file(s) with Rd \link{} targets missing package
anchors:
plot.GrangerInteraction.Rd: plot.igraph
plot.View.Rd: plot.zoo
Please provide package anchors for all Rd \link{} targets not in the
package itself and the base packages.
Flavors: r-devel-linux-x86_64-debian-clang, r-devel-linux-x86_64-debian-gcc, r-devel-windows-x86_64