CRAN Package Check Results for Package mp

Last updated on 2025-01-19 05:49:15 CET.

Flavor Version Tinstall Tcheck Ttotal Status Flags
r-devel-linux-x86_64-debian-clang 0.4.1 41.83 23.49 65.32 OK
r-devel-linux-x86_64-debian-gcc 0.4.1 26.27 18.52 44.79 OK
r-devel-linux-x86_64-fedora-clang 0.4.1 122.17 NOTE
r-devel-linux-x86_64-fedora-gcc 0.4.1 122.32 NOTE
r-devel-windows-x86_64 0.4.1 41.00 63.00 104.00 OK
r-patched-linux-x86_64 0.4.1 36.52 22.37 58.89 OK
r-release-linux-x86_64 0.4.1 37.50 21.91 59.41 OK
r-release-macos-arm64 0.4.1 30.00 OK
r-release-macos-x86_64 0.4.1 36.00 OK
r-release-windows-x86_64 0.4.1 41.00 64.00 105.00 OK
r-oldrel-macos-arm64 0.4.1 36.00 OK
r-oldrel-macos-x86_64 0.4.1 59.00 OK
r-oldrel-windows-x86_64 0.4.1 43.00 71.00 114.00 OK

Check Details

Version: 0.4.1
Check: compiled code
Result: NOTE File ‘mp/libs/mp.so’: Found no calls to: ‘R_registerRoutines’, ‘R_useDynamicSymbols’ It is good practice to register native routines and to disable symbol search. See ‘Writing portable packages’ in the ‘Writing R Extensions’ manual. Flavors: r-devel-linux-x86_64-fedora-clang, r-devel-linux-x86_64-fedora-gcc