CRAN Package Check Results for Package mr.raps

Last updated on 2025-01-19 05:49:15 CET.

Flavor Version Tinstall Tcheck Ttotal Status Flags
r-devel-linux-x86_64-debian-clang 0.2 2.46 22.10 24.56 NOTE
r-devel-linux-x86_64-debian-gcc 0.2 1.84 16.96 18.80 NOTE
r-devel-linux-x86_64-fedora-clang 0.2 42.05 NOTE
r-devel-linux-x86_64-fedora-gcc 0.2 38.42 NOTE
r-devel-windows-x86_64 0.2 3.00 48.00 51.00 NOTE
r-patched-linux-x86_64 0.2 2.19 20.86 23.05 NOTE
r-release-linux-x86_64 0.2 2.25 21.26 23.51 NOTE
r-release-macos-arm64 0.2 17.00 NOTE
r-release-macos-x86_64 0.2 25.00 NOTE
r-release-windows-x86_64 0.2 3.00 45.00 48.00 NOTE
r-oldrel-macos-arm64 0.2 19.00 OK
r-oldrel-macos-x86_64 0.2 24.00 OK
r-oldrel-windows-x86_64 0.2 5.00 50.00 55.00 OK

Check Details

Version: 0.2
Check: Rd files
Result: NOTE checkRd: (-1) bmi.bmi.Rd:14: Lost braces in \enumerate; meant \describe ? checkRd: (-1) bmi.bmi.Rd:15: Lost braces in \enumerate; meant \describe ? checkRd: (-1) bmi.bmi.Rd:16: Lost braces in \enumerate; meant \describe ? checkRd: (-1) bmi.sbp.Rd:14: Lost braces in \enumerate; meant \describe ? checkRd: (-1) bmi.sbp.Rd:15: Lost braces in \enumerate; meant \describe ? checkRd: (-1) bmi.sbp.Rd:16: Lost braces in \enumerate; meant \describe ? Flavors: r-devel-linux-x86_64-debian-clang, r-devel-linux-x86_64-debian-gcc, r-devel-linux-x86_64-fedora-clang, r-devel-linux-x86_64-fedora-gcc, r-devel-windows-x86_64, r-patched-linux-x86_64, r-release-linux-x86_64, r-release-macos-arm64, r-release-macos-x86_64, r-release-windows-x86_64