CRAN Package Check Results for Package mrMLM.GUI

Last updated on 2020-09-22 12:55:22 CEST.

Flavor Version Tinstall Tcheck Ttotal Status Flags
r-devel-linux-x86_64-debian-clang 4.0 23.88 159.79 183.67 OK
r-devel-linux-x86_64-debian-gcc 4.0 20.32 127.09 147.41 OK
r-devel-linux-x86_64-fedora-clang 4.0 233.61 OK
r-devel-linux-x86_64-fedora-gcc 4.0 224.76 OK
r-devel-windows-ix86+x86_64 4.0 50.00 174.00 224.00 OK
r-patched-linux-x86_64 4.0 22.94 155.26 178.20 OK
r-patched-solaris-x86 4.0 350.10 NOTE
r-release-linux-x86_64 4.0 23.99 155.85 179.84 OK
r-release-macos-x86_64 4.0 OK
r-release-windows-ix86+x86_64 4.0 52.00 230.00 282.00 OK
r-oldrel-macos-x86_64 4.0 OK
r-oldrel-windows-ix86+x86_64 4.0 32.00 148.00 180.00 OK

Check Details

Version: 4.0
Check: installed package size
Result: NOTE
     installed size is 5.4Mb
     sub-directories of 1Mb or more:
     extdata 3.8Mb
Flavor: r-patched-solaris-x86