Last updated on 2024-04-17 13:57:35 CEST.
Flavor | Version | Tinstall | Tcheck | Ttotal | Status | Flags |
---|---|---|---|---|---|---|
r-devel-linux-x86_64-debian-clang | 4.0.2 | 50.35 | 166.54 | 216.89 | OK | |
r-devel-linux-x86_64-debian-gcc | 4.0.2 | 39.33 | 120.76 | 160.09 | OK | |
r-devel-linux-x86_64-fedora-clang | 4.0.2 | 279.35 | OK | |||
r-devel-linux-x86_64-fedora-gcc | 4.0.2 | 260.53 | OK | |||
r-prerel-macos-arm64 | 4.0.2 | 76.00 | NOTE | |||
r-prerel-windows-x86_64 | 4.0.2 | 45.00 | 152.00 | 197.00 | OK | |
r-patched-linux-x86_64 | 4.0.2 | 45.34 | 157.92 | 203.26 | OK | |
r-release-linux-x86_64 | 4.0.2 | 47.51 | 164.16 | 211.67 | OK | |
r-release-macos-arm64 | 4.0.2 | 87.00 | OK | |||
r-release-macos-x86_64 | 4.0.2 | 137.00 | OK | |||
r-release-windows-x86_64 | 4.0.2 | 57.00 | 205.00 | 262.00 | OK | |
r-oldrel-macos-arm64 | 4.0.2 | 74.00 | OK | |||
r-oldrel-windows-x86_64 | 4.0.2 | 50.00 | 201.00 | 251.00 | OK |
Version: 4.0.2
Check: installed package size
Result: NOTE
installed size is 5.2Mb
sub-directories of 1Mb or more:
extdata 1.7Mb
libs 2.3Mb
Flavor: r-prerel-macos-arm64